{"id":1449,"date":"2013-11-16T17:01:17","date_gmt":"2013-11-16T15:01:17","guid":{"rendered":"http:\/\/marsuyhdistys.net\/home\/?page_id=1449"},"modified":"2013-11-16T17:01:17","modified_gmt":"2013-11-16T15:01:17","slug":"ylimaarainen-vuosikokous-2011-2","status":"publish","type":"page","link":"https:\/\/marsuyhdistys.net\/home\/ylimaarainen-vuosikokous-2011-2\/","title":{"rendered":"Ylim\u00e4\u00e4r\u00e4inen vuosikokous 2011"},"content":{"rendered":"<p>Aika:\u00a0Sunnuntai 12.6.2011 klo 10 l\u00e4htien ennen n\u00e4yttelyn alkua<br \/>\nPaikka:\u00a0Ikaalisten Oma Tupa<br \/>\nOsoite:\u00a0Teinintie 4-6, 39500 Ikaalinen<\/p>\n<p><strong>L\u00e4sn\u00e4:\u00a0<\/strong><br \/>\nPulmu Waitinen<br \/>\nMika M\u00e4ntyl\u00e4<br \/>\nEva Kalliala<br \/>\nAida Depner<br \/>\nHeli Kuoppam\u00e4ki<\/p>\n<p><strong>1. Kokouksen avaus\u00a0<\/strong><br \/>\nKokous avattiin klo 10:00.<\/p>\n<p><strong>2. Kokouksen puheenjohtajan, sihteerin, kahden p\u00f6yt\u00e4kirjantarkastajan ja kahden \u00e4\u00e4ntenlaskijan valinta\u00a0<\/strong><br \/>\nKokouksen puheenjohtajaksi valittiin Pulmu Waitinen. Pulmu Waitinen toimi my\u00f6s sihteerin\u00e4. P\u00f6yt\u00e4kirjantarkastajaksi ja \u00e4\u00e4ntenlaskijoiksi valittiin Aida Depner ja Eva Kalliala.<\/p>\n<p><strong>3. Todetaan kokouksen laillisuus ja p\u00e4\u00e4t\u00f6svaltaisuus\u00a0<\/strong><br \/>\nKokous todettiin lailliseksi ja p\u00e4\u00e4t\u00f6svaltaiseksi.<\/p>\n<p><strong>4. Hyv\u00e4ksyt\u00e4\u00e4n ty\u00f6j\u00e4rjestys<\/strong><br \/>\nTy\u00f6j\u00e4rjestys hyv\u00e4ksyttiin sellaisenaan.<\/p>\n<p><strong>5. Hallituksen toimintakertomus ja tilinp\u00e4\u00e4t\u00f6kseen perustuva selostus yhdistyksen taloudellisesta tilasta\u00a0<\/strong><br \/>\nKokouksessa k\u00e4siteltiin hallituksen toimintakertomus ja siihen edellisess\u00e4 kokouksessa tehdyt muutokset. Toimintakertomukseen ei l\u00f6ytynyt lis\u00e4tt\u00e4v\u00e4\u00e4. Tarkasteltiin tilinp\u00e4\u00e4t\u00f6sasiakirjoja, mutta niist\u00e4 ei p\u00e4\u00e4sty selvyyteen vaan p\u00e4\u00e4tettiin k\u00e4sitell\u00e4 asiaa uudelleen syyskokouksessa.<\/p>\n<p><strong>6. Tilintarkastajien lausunto ja tilinp\u00e4\u00e4t\u00f6ksen vahvistaminen sek\u00e4 vastuuvapauden my\u00f6nt\u00e4minen edellisen toimintavuoden hallitukselle\u00a0<\/strong><br \/>\nTilinp\u00e4\u00e4t\u00f6st\u00e4 ei voitu viel\u00e4 vahvistaa (ks. kohta 5) eik\u00e4 vastuuvapautta my\u00f6nt\u00e4\u00e4, vaan asian k\u00e4sittely siirrettiin syyskokouksen k\u00e4sitelt\u00e4v\u00e4ksi.<\/p>\n<p><strong>7. Hallituksen esitt\u00e4m\u00e4t, kokouskutsussa mainitut tai muut asiat\u00a0<\/strong><br \/>\n<strong>a) Yhden hallituksen j\u00e4senen ja varaj\u00e4senen valinta\u00a0<\/strong><br \/>\nValittiin hallituksesta eronneiden j\u00e4senten tilalle uusiksi hallituksen j\u00e4seniksi Susanna Piili ja Nora M\u00e4ntysaari.<\/p>\n<p><strong>8. Kokouksen p\u00e4\u00e4t\u00f6s\u00a0<\/strong><br \/>\nKokous p\u00e4\u00e4tettiin klo 10:22.<\/p>\n","protected":false},"excerpt":{"rendered":"<p>Aika:\u00a0Sunnuntai 12.6.2011 klo 10 l\u00e4htien ennen n\u00e4yttelyn alkua Paikka:\u00a0Ikaalisten Oma Tupa Osoite:\u00a0Teinintie 4-6, 39500 Ikaalinen L\u00e4sn\u00e4:\u00a0 Pulmu Waitinen Mika M\u00e4ntyl\u00e4 Eva Kalliala Aida Depner Heli Kuoppam\u00e4ki 1. Kokouksen avaus\u00a0 Kokous avattiin klo 10:00. 2. Kokouksen puheenjohtajan, sihteerin, kahden p\u00f6yt\u00e4kirjantarkastajan ja &hellip; <a href=\"https:\/\/marsuyhdistys.net\/home\/ylimaarainen-vuosikokous-2011-2\/\">Lue loppuun <span class=\"meta-nav\">&rarr;<\/span><\/a><\/p>\n","protected":false},"author":10,"featured_media":0,"parent":0,"menu_order":0,"comment_status":"closed","ping_status":"open","template":"","meta":{"footnotes":"","_links_to":"","_links_to_target":""},"class_list":["post-1449","page","type-page","status-publish","hentry"],"_links":{"self":[{"href":"https:\/\/marsuyhdistys.net\/home\/wp-json\/wp\/v2\/pages\/1449","targetHints":{"allow":["GET"]}}],"collection":[{"href":"https:\/\/marsuyhdistys.net\/home\/wp-json\/wp\/v2\/pages"}],"about":[{"href":"https:\/\/marsuyhdistys.net\/home\/wp-json\/wp\/v2\/types\/page"}],"author":[{"embeddable":true,"href":"https:\/\/marsuyhdistys.net\/home\/wp-json\/wp\/v2\/users\/10"}],"replies":[{"embeddable":true,"href":"https:\/\/marsuyhdistys.net\/home\/wp-json\/wp\/v2\/comments?post=1449"}],"version-history":[{"count":1,"href":"https:\/\/marsuyhdistys.net\/home\/wp-json\/wp\/v2\/pages\/1449\/revisions"}],"predecessor-version":[{"id":1450,"href":"https:\/\/marsuyhdistys.net\/home\/wp-json\/wp\/v2\/pages\/1449\/revisions\/1450"}],"wp:attachment":[{"href":"https:\/\/marsuyhdistys.net\/home\/wp-json\/wp\/v2\/media?parent=1449"}],"curies":[{"name":"wp","href":"https:\/\/api.w.org\/{rel}","templated":true}]}}