{"id":1455,"date":"2013-11-16T17:37:01","date_gmt":"2013-11-16T15:37:01","guid":{"rendered":"http:\/\/marsuyhdistys.net\/home\/?page_id=1455"},"modified":"2013-11-16T17:37:01","modified_gmt":"2013-11-16T15:37:01","slug":"syyskokous-2010","status":"publish","type":"page","link":"https:\/\/marsuyhdistys.net\/home\/syyskokous-2010\/","title":{"rendered":"Syyskokous 2010"},"content":{"rendered":"<p>Suomen Marsuyhdistys ry.<br \/>\nSyyskokous<br \/>\nAika:\u00a013.11.2010<br \/>\nPaikka: Helsingin pelastuskoulu, Steniuksentie 14, 00320 Helsinki<\/p>\n<p><strong>L\u00e4sn\u00e4 (valtakirjat suluissa):\u00a0<\/strong><br \/>\nMinna Alander<br \/>\nJuulia Palmqvist<br \/>\nHelena Ruohonen<br \/>\nLiina Ruohonen<br \/>\nSusanna Piili<br \/>\nElise Feodoroff<br \/>\nEva Kalliala (Antti Peltonen, Janiika Toivoniemi)<br \/>\nLinda Lahtonen<br \/>\nPauliina Tuppurainen<br \/>\nAnu Saarela (Minna Aatela)<br \/>\nPulmu Waitinen<br \/>\nIina Merjankari<br \/>\nAida Depner (Katriina Hautala, Heli Kuoppam\u00e4ki)<br \/>\nAnnukka Holmroos<\/p>\n<p><strong>1. Kokouksen avaus\u00a0<\/strong><br \/>\nPuheenjohtaja avasi kokouksen klo 14:10.<\/p>\n<p><strong>2. Kokouksen puheenjohtajan, sihteerin, kahden p\u00f6yt\u00e4kirjantarkastajan ja kahden \u00e4\u00e4ntenlaskijan valinta\u00a0<\/strong><br \/>\nKokouksen puheenjohtajaksi valittiin Aida Depner, sihteeriksi Pulmu Waitinen ja p\u00f6yt\u00e4kirjantarkastajiksi sek\u00e4 \u00e4\u00e4ntenlaskijoiksi Eva Kalliala ja Linda Lahtonen.<\/p>\n<p><strong>3. Laillisuuden ja p\u00e4\u00e4t\u00f6svaltaisuuden toteaminen<\/strong><br \/>\nKokous todettiin laillisesti koolle kutsutuksi ja p\u00e4\u00e4t\u00f6svaltaiseksi.<\/p>\n<p><strong>4. Ty\u00f6j\u00e4rjestyksen hyv\u00e4ksyminen<\/strong><br \/>\nHyv\u00e4ksyttiin kokouksen ty\u00f6j\u00e4rjestys.<\/p>\n<p><strong>5. Hallituksen puheenjohtajan valinta vuodelle 2011\u00a0<\/strong><br \/>\nEhdolla hallituksen puheenjohtajaksi olivat Minna Alander (kielt\u00e4tyi), Juulia Palmqvist (kielt\u00e4ytyi), Eva Kalliala (kielt\u00e4ytyi), Annukka Holmroos ja Aida Depner. Kokous valitsi \u00e4\u00e4nestyksell\u00e4 vuoden 2011 hallituksen puheenjohtajaksi Aida Depnerin (\u00e4\u00e4nin 12 \u2013 6).<\/p>\n<p><strong>6. Hallituksen muiden j\u00e4senten valinta vuodelle 2011\u00a0<\/strong><br \/>\nHallituksen muiksi j\u00e4seniksi ehdotettiin seuraavia j\u00e4seni\u00e4: Eva Kalliala, Linda Lahtonen (kielt\u00e4ytyi), Hanna Lahtinen, Minna Alander, Katja Kivipuro (kielt\u00e4ytyi), Juulia Palmqvist, Anna Lohi (ei paikalla\/kielt\u00e4ytyi), Tuija Kilpinen (ei paikalla\/kielt\u00e4ytyi), Pauliina Tuppurainen, Sofia J\u00e4rnberg (kielt\u00e4ytyi), Annukka Holmroos ja Pulmu Waitinen.<\/p>\n<p><strong>Hallituksen j\u00e4seniksi valittiin yksimielisesti:\u00a0<\/strong><br \/>\nEva Kalliala<br \/>\nHanna Lahtinen<br \/>\nMinna Alander<br \/>\nJuulia Palmqvist<br \/>\nPauliina Tuppurainen<br \/>\nAnnukka Holmroos<br \/>\nPulmu Waitinen (varaj\u00e4sen)<\/p>\n<p><strong>7. Yhdistyksen toiminnantarkastajan ja varamiehen valinta<\/strong><br \/>\nYhdistyksen toiminnantarkastajaksi valittiin Elise Feodoroff ja varamieheksi Susanna Piili.<\/p>\n<p><strong>8. Vuoden 2011 toimintasuunnitelma ja talousarvioehdotus<\/strong><br \/>\nKokouksen alussa kaikille l\u00e4sn\u00e4 oleville jaettiin tutustuttavaksi toimintasuunnitelma ja talousarvioehdotus. Vuoden 2011 toimintasuunnitelmaan tehtiin seuraavat muutokset:<br \/>\n&#8211; lis\u00e4ttiin kohdat<br \/>\no rekister\u00f6id\u00e4\u00e4n marsuja<br \/>\no my\u00f6nnet\u00e4\u00e4n kasvattajanimi\u00e4<br \/>\no j\u00e4rjest\u00e4\u00e4 mahdollisesti yhdistyksen ja marsujen esittelytilaisuuksia (esim. el\u00e4inkaupoissa)<br \/>\n&#8211; muokattiin kohtaan \u201dpet-tuomareiden koulutusta\u201d sanat \u201dtarpeen mukaan\u201d<br \/>\nToimintasuunnitelma hyv\u00e4ksyttiin n\u00e4iden muutosten j\u00e4lkeen.<br \/>\nTalousarvioehdotus hyv\u00e4ksyttiin sellaisenaan.<\/p>\n<p><strong>9. Vuoden 2011 j\u00e4senmaksut<\/strong><br \/>\nYhdistyksen j\u00e4senmaksut p\u00e4\u00e4tettiin pit\u00e4\u00e4 ennallaan.<br \/>\nJ\u00e4senmaksut vuonna 2011 siis seuraavasti:<br \/>\n&#8211; Vuosij\u00e4senmaksu 20 euroa<br \/>\n&#8211; Perhej\u00e4senmaksu 10 euroa (ei omaa lehte\u00e4)<br \/>\n&#8211; Yhteis\u00f6j\u00e4senmaksu 25 euroa<br \/>\n&#8211; Ainaisj\u00e4senmaksu 200 euroa (= 10 x vuosij\u00e4senmaksu)<br \/>\n&#8211; J\u00e4senmaksut ulkomaalaisille<br \/>\no EU-alueella 27 euroa<br \/>\no EU-alueen ulkopuolella 32 euroa.<\/p>\n<p><strong>10. Hallituksen esitt\u00e4m\u00e4t ja kokouskutsussa mainitut tai muut asiat\u00a0<\/strong><\/p>\n<p><strong>10a. Uusien pet-s\u00e4\u00e4nt\u00f6jen vahvistaminen\u00a0<\/strong><br \/>\nEhdotus uusiksi pet-luokkien s\u00e4\u00e4nn\u00f6iksi on ollut j\u00e4senist\u00f6n n\u00e4ht\u00e4vill\u00e4 MarsuMagazinen numerossa 3\/2010 ja lis\u00e4ksi kokoukseen osallistuneille jaettiin ehdotus tutustuttavaksi.<br \/>\nS\u00e4\u00e4nn\u00f6t hyv\u00e4ksyttiin sellaisenaan ja ne astuvat voimaan 1.1.2011 alkaen.<\/p>\n<p><strong>10b. S\u00e4\u00e4nt\u00f6tarkennus uml-tuomarien pet-arvosteluihin \u2013 kuinka usein?\u00a0<\/strong><br \/>\nP\u00e4\u00e4tettiin asiasta seuraavasti:<br \/>\nS\u00e4ilytt\u00e4\u00e4kseen ulkomuototuomarin oikeudet tuomarin ei tarvitse yll\u00e4pit\u00e4\u00e4 pet-tuomarin oikeuksiaan. Jos ulkomuototuomari haluaa toimia pet-tuomarina, tulee h\u00e4nen arvostella v\u00e4hint\u00e4\u00e4n yhden kerran kahdessa kalenterivuodessa (1krt\/2v.).<\/p>\n<p><strong>10c. Tuomareiden p\u00e4iv\u00e4rahan nostaminen verotusarvoon<\/strong><br \/>\nP\u00e4\u00e4tettiin, ett\u00e4 vuoden 2011 tuomareiden p\u00e4iv\u00e4raha tulee olemaan Verohallinnon vuodelle 2011 vahvistaman taksan mukainen.<\/p>\n<p>Verohallinnon 9.12.2010 p\u00e4\u00e4tt\u00e4m\u00e4n p\u00e4\u00e4t\u00f6ksen mukaan vuonna 2011 p\u00e4iv\u00e4rahan enimm\u00e4ism\u00e4\u00e4r\u00e4t ovat:<br \/>\n&#8211; 16 euroa (osap\u00e4iv\u00e4raha = p\u00e4iv\u00e4n kesto matkoineen yli 6 tuntia)<br \/>\n&#8211; 34 euroa (kokop\u00e4iv\u00e4raha = p\u00e4iv\u00e4n kesto matkoineen yli 10 tuntia)<br \/>\n&#8211; L\u00e4hde:\u00a0<a href=\"http:\/\/www.vero.fi\/?article=9665&amp;domain=VERO_MAIN&amp;path=5,40,421&amp;language=FIN\" target=\"_blank\">http:\/\/www.vero.fi\/?article=9665&amp;domain=VERO_MAIN&amp;path=5,40,421&amp;language=FIN<\/a><\/p>\n<p><strong>10d. Ehdotus:\u00a0Teemme Viron kanssa samanlaisen sopimuksen kuin Pohjoismaiden kanssa eli Viron valiot valmistuvat yhdell\u00e4 Suomen sertill\u00e4 Suomen muotovalioiksi. Sopimus on voimassa jo muissa Pohjoismaissa heid\u00e4n ja Viron v\u00e4lill\u00e4.\u00a0<\/strong><\/p>\n<p>Asiasta p\u00e4\u00e4tettiin seuraavasti:<br \/>\nVirolaiset marsut valmistuvat Suomen Muotovalioksi (FIN MVA) yhdell\u00e4 suomalaisella sertill\u00e4. Anoakseen muotovalioarvoa marsun on oltava jo Viron muotovalio.<\/p>\n<p>Keskusteltiin my\u00f6s samanlaisen j\u00e4rjestelyn tekemisest\u00e4 kaikkien ulkomaisten marsujen kohdalla, maasta riippumatta. Asiasta ei kuitenkaan viel\u00e4 p\u00e4\u00e4tetty mit\u00e4\u00e4n ja keskustelua jatketaan my\u00f6hemmin.<\/p>\n<p><strong>10j. Yhdistyksen muut toimihenkil\u00f6t vuonna 2011\u00a0<\/strong><br \/>\nP\u00e4\u00e4tettiin yhdistyksen muista toimihenkil\u00f6ist\u00e4 seuraavasti:<br \/>\n&#8211; palkinto- ja sponsorivastaava: Annukka Holmroos<br \/>\n&#8211; Pet-vastaava: Juulia Palmqvist<br \/>\n&#8211; Pet-toimikunnan muut j\u00e4senet: Annukka Holmroos, Aida Depner, Eva Kalliala, Pauliina Tuppurainen. Tarvittaessa my\u00f6s muita voi liitty\u00e4 lis\u00e4ksi toimikuntaan.<br \/>\n&#8211; MM:n p\u00e4\u00e4toimittaja: Eva Kalliala<br \/>\n&#8211; MVA-k\u00e4sittelij\u00e4: Pulmu Waitinen<br \/>\n&#8211; Foorumin yll\u00e4pit\u00e4j\u00e4t\/moderaattorit: Minna Alander, Eva Kalliala (h\u00e4t\u00e4-apuna\/teknisen\u00e4 tukena my\u00f6s Linda Lahtonen). Anna Lohi voi halutessaan jatkaa my\u00f6s teht\u00e4v\u00e4ss\u00e4\u00e4n.<br \/>\n&#8211; Standarditoimikunta: Katja Kivipuro ja Hanna Lahtinen<br \/>\n&#8211; Webmaster: Eva Kalliala (varalla Minna Alander ja tekninen tuki Linda Lahtonen)<br \/>\n&#8211; Rekister\u00f6ij\u00e4: Iina Merjankari<br \/>\n&#8211; Kasvattajanimik\u00e4sittelij\u00e4: Lea Rahtu<br \/>\n&#8211; J\u00e4senrekisterinpit\u00e4j\u00e4: Minna Alander<br \/>\n&#8211; Infovastaava: Raisa Ristim\u00e4ki<br \/>\n&#8211; EPET-k\u00e4sittelij\u00e4: Juulia Palmqvist<\/p>\n<p><strong>10e. Rekister\u00f6intimaksukuitin l\u00e4hett\u00e4minen s\u00e4hk\u00f6postilla\u00a0<\/strong><br \/>\nKeskusteltiin mahdollisuudesta l\u00e4hett\u00e4\u00e4 rekister\u00f6intimaksukuitti my\u00f6s s\u00e4hk\u00f6postilla rekister\u00f6intien k\u00e4sittelij\u00e4lle. P\u00e4\u00e4tettiin, ett\u00e4 rekister\u00f6intimaksukuitit l\u00e4hetet\u00e4\u00e4n edelleen rekisteripapereiden mukana paperiversiona. S\u00e4hk\u00f6inen kuitti ei kelpaa.<\/p>\n<p><strong>10f. Ruotsintuontien rekister\u00f6inti\u00a0<\/strong><br \/>\nKeskusteltiin ruotsintuontien rekister\u00f6inneist\u00e4 ja siit\u00e4, ett\u00e4 niiden kanssa menetelt\u00e4isiin samalla lailla kuin suomalaisiakin marsuja rekister\u00f6it\u00e4ess\u00e4. Toisin sanoen esitettiin, ett\u00e4 Suomessa rekister\u00f6it\u00e4ess\u00e4 ruotsalaisia marsuja koskisivat samat rekister\u00f6intis\u00e4\u00e4nn\u00f6t kuin suomalaisiakin.<\/p>\n<p>\u00c4\u00e4nestyksen (\u00e4\u00e4net: 16 \u2013 1) perusteella p\u00e4\u00e4tettiin seuraavaa:<br \/>\nJokaisella ruotsintuonnilla on oltava Suomen rekister\u00f6intis\u00e4\u00e4nt\u00f6jen mukaiset paperit, jotta tuontimarsu voidaan rekister\u00f6id\u00e4 Suomessa.<\/p>\n<p><strong>10k. Muiden maiden tuontien rekister\u00f6inti\u00a0<\/strong><br \/>\nP\u00e4\u00e4tettiin, ett\u00e4 kaikkien muiden maiden tuonteja rekister\u00f6it\u00e4ess\u00e4 Suomessa vaaditaan jatkossa seuraavat tiedot:<br \/>\n&#8211; marsun nimi, sukupuoli ja syntym\u00e4aika<br \/>\n&#8211; rotu\/v\u00e4ri\/kuvio<br \/>\n&#8211; mist\u00e4 kotoisin (maa\/kasvattaja)<\/p>\n<p><strong>10g. Muutos rekister\u00f6intis\u00e4\u00e4nt\u00f6ihin tummien v\u00e4rien yhteensopivuuksista<\/strong><br \/>\nKeskusteltiin tummien v\u00e4rien (black, chocolate, grey, lilac, carob) yhteensopivista yhdistelmist\u00e4 ja p\u00e4\u00e4tettiin muuttaa rekister\u00f6intis\u00e4\u00e4nt\u00f6j\u00e4 niiden osalta seuraavasti:<br \/>\nJatkossa hyv\u00e4ksytyt yhdistelm\u00e4t:<br \/>\n&#8211; black \u2013 grey<br \/>\n&#8211; black \u2013 lilac<br \/>\n&#8211; chocolate \u2013 beige<br \/>\n&#8211; chocolate \u2013 carob<br \/>\nHyv\u00e4ksytyt yhdistelm\u00e4t koskevat rekister\u00f6it\u00e4vi\u00e4 selfej\u00e4, taneja, foxeja ja ottereita. Ne eiv\u00e4t toistaiseksi koske dutcheja, dalmatialaisia ja roaneja, vaan n\u00e4iden rekister\u00f6inneiss\u00e4 toimitaan kuten aikaisemmin.<\/p>\n<p><strong>10h. Baldwinit koestandardiin\u00a0<\/strong><br \/>\nStandarditoimikunta esitt\u00e4\u00e4 baldwineita siirrett\u00e4v\u00e4ksi koestandardiin. Asia p\u00e4\u00e4tettiin siirt\u00e4\u00e4 k\u00e4sitelt\u00e4v\u00e4ksi kev\u00e4\u00e4n kokoukseen, koska esityksest\u00e4 puuttui suomenkielinen standardi. Standarditoimikunta valmistelee suomenkielisen standardiesityksen hyv\u00e4ksytt\u00e4v\u00e4ksi.<\/p>\n<p><strong>10i. Yhdistyksen foorumin sulkeminen\/rajoittaminen\u00a0<\/strong><br \/>\nKeskusteltiin yhdistyksen foorumin sulkemisesta tai rajoittamisesta. P\u00e4\u00e4tettiin avata SMY:n foorumi kokeiluksi kaikkien luettavaksi ja kirjoitettavaksi ensi kev\u00e4tkokoukseen saakka. Kev\u00e4tkokous p\u00e4\u00e4tt\u00e4\u00e4 t\u00e4m\u00e4n j\u00e4lkeen jatkotoimenpiteist\u00e4. Kokeilu alkaa aikaisintaan 1.1.2011 ja siit\u00e4 tiedotetaan j\u00e4senist\u00f6\u00e4 foorumilla.<\/p>\n<p><strong>10l. J\u00e4senlehden p\u00e4\u00e4toimittajan ja taittajan korvaukset\u00a0<\/strong><br \/>\nSyyskokous p\u00e4\u00e4tti puoltaa lehden taittajalle ja p\u00e4\u00e4toimittajalle maksettavaa kohtuullista korvausta, jonka m\u00e4\u00e4r\u00e4n ja laadun p\u00e4\u00e4tt\u00e4\u00e4 yhdistyksen hallitus.<\/p>\n<p><strong>11. Kokouksen p\u00e4\u00e4t\u00f6s\u00a0<\/strong><br \/>\nPuheenjohtaja p\u00e4\u00e4tti kokouksen klo 18:40.<\/p>\n","protected":false},"excerpt":{"rendered":"<p>Suomen Marsuyhdistys ry. Syyskokous Aika:\u00a013.11.2010 Paikka: Helsingin pelastuskoulu, Steniuksentie 14, 00320 Helsinki L\u00e4sn\u00e4 (valtakirjat suluissa):\u00a0 Minna Alander Juulia Palmqvist Helena Ruohonen Liina Ruohonen Susanna Piili Elise Feodoroff Eva Kalliala (Antti Peltonen, Janiika Toivoniemi) Linda Lahtonen Pauliina Tuppurainen Anu Saarela (Minna &hellip; <a href=\"https:\/\/marsuyhdistys.net\/home\/syyskokous-2010\/\">Lue loppuun <span class=\"meta-nav\">&rarr;<\/span><\/a><\/p>\n","protected":false},"author":10,"featured_media":0,"parent":0,"menu_order":0,"comment_status":"closed","ping_status":"open","template":"","meta":{"footnotes":"","_links_to":"","_links_to_target":""},"class_list":["post-1455","page","type-page","status-publish","hentry"],"_links":{"self":[{"href":"https:\/\/marsuyhdistys.net\/home\/wp-json\/wp\/v2\/pages\/1455","targetHints":{"allow":["GET"]}}],"collection":[{"href":"https:\/\/marsuyhdistys.net\/home\/wp-json\/wp\/v2\/pages"}],"about":[{"href":"https:\/\/marsuyhdistys.net\/home\/wp-json\/wp\/v2\/types\/page"}],"author":[{"embeddable":true,"href":"https:\/\/marsuyhdistys.net\/home\/wp-json\/wp\/v2\/users\/10"}],"replies":[{"embeddable":true,"href":"https:\/\/marsuyhdistys.net\/home\/wp-json\/wp\/v2\/comments?post=1455"}],"version-history":[{"count":1,"href":"https:\/\/marsuyhdistys.net\/home\/wp-json\/wp\/v2\/pages\/1455\/revisions"}],"predecessor-version":[{"id":1456,"href":"https:\/\/marsuyhdistys.net\/home\/wp-json\/wp\/v2\/pages\/1455\/revisions\/1456"}],"wp:attachment":[{"href":"https:\/\/marsuyhdistys.net\/home\/wp-json\/wp\/v2\/media?parent=1455"}],"curies":[{"name":"wp","href":"https:\/\/api.w.org\/{rel}","templated":true}]}}