{"id":1470,"date":"2013-11-16T18:21:18","date_gmt":"2013-11-16T16:21:18","guid":{"rendered":"http:\/\/marsuyhdistys.net\/home\/?page_id=1470"},"modified":"2026-03-04T20:36:26","modified_gmt":"2026-03-04T18:36:26","slug":"tervetuloa","status":"publish","type":"page","link":"https:\/\/marsuyhdistys.net\/home\/","title":{"rendered":""},"content":{"rendered":"<h1 style=\"text-align: center;\">Tervetuloa Suomen Marsuyhdistyksen kotisivuille!<\/h1>\n<p style=\"text-align: center;\"><span style=\"color: #000000;\">Suomen Marsuyhdistys ry (SMY) on perustettu vuonna 1989 edist\u00e4m\u00e4\u00e4n marsuharrastusta kattaen koko Suomen ja toimimaan yhdist\u00e4v\u00e4n\u00e4 tekij\u00e4n\u00e4 marsuharrastuksessa. <\/span><\/p>\n<p style=\"text-align: center;\"><span style=\"color: #000000;\">TERVETULOA MUKAAN MARSUILEMAAN!<\/span><\/p>\n<p style=\"text-align: center;\"><span style=\"color: #000000;\">Kotisivuiltamme l\u00f6yd\u00e4t laajasti tietoa marsun hoidosta, kasvattajista, n\u00e4yttelyist\u00e4 ym.<\/span><\/p>\n<hr class=\"wp-block-separator has-alpha-channel-opacity\"\/>\n<div class=\"wp-block-group\">\n<div class=\"wp-block-group__inner-container is-layout-constrained wp-block-group-is-layout-constrained\">\n<div class=\"wp-block-buttons has-custom-font-size has-medium-font-size is-content-justification-center is-layout-flex wp-container-core-buttons-is-layout-5e6b19ed wp-block-buttons-is-layout-flex\">\n<div class=\"wp-block-button is-style-outline is-style-outline--1\"><a class=\"wp-block-button__link has-black-color has-text-color has-background has-link-color has-text-align-center wp-element-button\" href=\"https:\/\/marsuyhdistys.net\/home\/yhdistys\/jaseneksi-2\/\" style=\"background:linear-gradient(135deg,rgb(255,245,203) 29%,rgb(182,227,212) 79%,rgb(51,167,181) 100%)\"><mark style=\"background-color:rgba(0, 0, 0, 0)\" class=\"has-inline-color has-vivid-red-color\">LIITY J\u00c4SENEKSI T\u00c4ST\u00c4<\/mark><\/a><\/div>\n<\/div>\n<\/p>\n<\/div>\n<\/div>\n<hr class=\"wp-block-separator has-alpha-channel-opacity\"\/>\n<h2 class=\"wp-block-heading has-text-align-center\"><strong><mark style=\"background-color:rgba(0, 0, 0, 0)\" class=\"has-inline-color has-black-color\">TULEVAT TAPAHTUMAT 2026<\/mark><\/strong><\/h2>\n<h3 style=\"text-align: center;\">Lis\u00e4tiedot tapahtumista l\u00f6yd\u00e4t\u00a0 <a href=\"https:\/\/marsuyhdistys.net\/home\/tulevat-tapahtumat\/\">Tulevat tapahtumat<\/a>&#8211; kohdasta!<\/h3>\n<figure class=\"wp-block-table is-style-stripes\">\n<table class=\"has-fixed-layout\">\n<tbody>\n<tr>\n<td><strong>Helmikuu<\/strong><\/td>\n<\/tr>\n<tr>\n<td><strong>21.2.<\/strong> Oulu, OSHJ Oulun seudun jyrsij\u00e4harrastajat, lemmikkiluokka<\/td>\n<\/tr>\n<tr>\n<td><strong>Maaliskuu<\/strong><\/td>\n<\/tr>\n<tr>\n<td><\/td>\n<\/tr>\n<tr>\n<td><strong>Huhtikuu<\/strong><\/td>\n<\/tr>\n<tr>\n<td><strong>25.-26.4.<\/strong> Helsinki lemmikkimessut, Juhlan\u00e4yttely<\/p>\n<p>28.4.2026 Vuosikokous, klo 18<br \/>Paikka Konditoria Muffinssi (Huhdintie 5, Karkkila)<br \/>My\u00f6s et\u00e4mahdollisuus Teamsin kautta.<\/td>\n<\/tr>\n<tr>\n<td><strong>Toukokuu<\/strong><\/td>\n<\/tr>\n<tr>\n<td><strong>23.5.<\/strong> Oulu, OSJH Oulun seudun jyrsij\u00e4harrastajat ry., lemmikkiluokka<\/td>\n<\/tr>\n<tr>\n<td><strong>Kes\u00e4kuu<\/strong><\/td>\n<\/tr>\n<tr>\n<td><strong>6.6.<\/strong> Paattinen, 2x ulkomuoto- ja 2x lemmikkiluokka<\/td>\n<\/tr>\n<tr>\n<td><strong>Hein\u00e4kuu<\/strong><\/td>\n<\/tr>\n<tr>\n<td><strong>Hein\u00e4kuussa lomaillaan! \ud83d\ude42<\/strong><\/td>\n<\/tr>\n<tr>\n<td><strong>Elokuu<\/strong><\/td>\n<\/tr>\n<tr>\n<td>Sein\u00e4joki, lemmikkiluokka<\/td>\n<\/tr>\n<tr>\n<td><strong>Syyskuu<\/strong><\/td>\n<\/tr>\n<tr>\n<td>N\u00e4yttely, paikka ja aika tarkentuu l\u00e4hemp\u00e4n\u00e4<\/td>\n<\/tr>\n<tr>\n<td><strong>Lokakuu<\/strong><\/td>\n<\/tr>\n<tr>\n<td>Syyskokous, aika tarkentuu l\u00e4hemp\u00e4n\u00e4<\/p>\n<p>Oulu, n\u00e4yttely. Luokat ja aika tarkentuu l\u00e4hemp\u00e4n\u00e4<\/td>\n<\/tr>\n<tr>\n<td><strong>Marraskuu<\/strong><\/td>\n<\/tr>\n<tr>\n<td>Grand Gala- n\u00e4yttely, Etel\u00e4-Suomi. Paikka ja aika tarkentuu l\u00e4hemp\u00e4n\u00e4<\/td>\n<\/tr>\n<tr>\n<td><strong>Joulukuu<\/strong><\/td>\n<\/tr>\n<tr>\n<td>Oulu, pikkujoulun\u00e4yttely. Aika tarkentuu l\u00e4hemp\u00e4n\u00e4<\/p>\n<p>Helsinki, pikkujoulun\u00e4yttely. Aika tarkentuu l\u00e4hemp\u00e4n\u00e4<\/td>\n<\/tr>\n<\/tbody>\n<\/table>\n<\/figure>\n<p><a href=\"\"><\/a><\/p>\n<\/p>\n<h2 style=\"text-align: center;\"><a href=\"https:\/\/marsuyhdistys.net\/home\/wp-content\/uploads\/2025\/11\/IMG_20251108_162901-2.jpg\"><br \/><img loading=\"lazy\" decoding=\"async\" class=\"alignnone size-medium wp-image-12806\" src=\"https:\/\/marsuyhdistys.net\/home\/wp-content\/uploads\/2025\/11\/IMG_20251108_162901-2-300x298.jpg\" alt=\"\" width=\"300\" height=\"298\" srcset=\"https:\/\/marsuyhdistys.net\/home\/wp-content\/uploads\/2025\/11\/IMG_20251108_162901-2-300x298.jpg 300w, https:\/\/marsuyhdistys.net\/home\/wp-content\/uploads\/2025\/11\/IMG_20251108_162901-2-1024x1019.jpg 1024w, https:\/\/marsuyhdistys.net\/home\/wp-content\/uploads\/2025\/11\/IMG_20251108_162901-2-150x150.jpg 150w, https:\/\/marsuyhdistys.net\/home\/wp-content\/uploads\/2025\/11\/IMG_20251108_162901-2-768x764.jpg 768w, https:\/\/marsuyhdistys.net\/home\/wp-content\/uploads\/2025\/11\/IMG_20251108_162901-2-1536x1528.jpg 1536w, https:\/\/marsuyhdistys.net\/home\/wp-content\/uploads\/2025\/11\/IMG_20251108_162901-2.jpg 1756w\" sizes=\"auto, (max-width: 300px) 100vw, 300px\" \/><\/a><\/h2>\n<h2 style=\"text-align: center;\"><a href=\"https:\/\/marsuyhdistys.net\/home\/wp-content\/uploads\/2025\/01\/tierran-lemmikkipuoti-logo-vaaka-vihrea.png\"><img loading=\"lazy\" decoding=\"async\" class=\"alignnone size-medium wp-image-12499\" src=\"https:\/\/marsuyhdistys.net\/home\/wp-content\/uploads\/2025\/01\/tierran-lemmikkipuoti-logo-vaaka-vihrea-300x90.png\" alt=\"\" width=\"300\" height=\"90\" srcset=\"https:\/\/marsuyhdistys.net\/home\/wp-content\/uploads\/2025\/01\/tierran-lemmikkipuoti-logo-vaaka-vihrea-300x90.png 300w, https:\/\/marsuyhdistys.net\/home\/wp-content\/uploads\/2025\/01\/tierran-lemmikkipuoti-logo-vaaka-vihrea-1024x307.png 1024w, https:\/\/marsuyhdistys.net\/home\/wp-content\/uploads\/2025\/01\/tierran-lemmikkipuoti-logo-vaaka-vihrea-768x230.png 768w, https:\/\/marsuyhdistys.net\/home\/wp-content\/uploads\/2025\/01\/tierran-lemmikkipuoti-logo-vaaka-vihrea.png 1200w\" sizes=\"auto, (max-width: 300px) 100vw, 300px\" \/><\/a><\/h2>\n<h2 style=\"text-align: center;\"><a href=\"https:\/\/marsuyhdistys.net\/home\/wp-content\/uploads\/2026\/01\/HugAlan-puttiikki-3.webp\"><img loading=\"lazy\" decoding=\"async\" class=\"alignnone size-medium wp-image-12886\" src=\"https:\/\/marsuyhdistys.net\/home\/wp-content\/uploads\/2026\/01\/HugAlan-puttiikki-3-300x300.webp\" alt=\"\" width=\"300\" height=\"300\" srcset=\"https:\/\/marsuyhdistys.net\/home\/wp-content\/uploads\/2026\/01\/HugAlan-puttiikki-3-300x300.webp 300w, https:\/\/marsuyhdistys.net\/home\/wp-content\/uploads\/2026\/01\/HugAlan-puttiikki-3-150x150.webp 150w, https:\/\/marsuyhdistys.net\/home\/wp-content\/uploads\/2026\/01\/HugAlan-puttiikki-3.webp 500w\" sizes=\"auto, (max-width: 300px) 100vw, 300px\" \/><\/a><\/h2>\n<p style=\"text-align: center;\"><a href=\"https:\/\/marsuyhdistys.net\/home\/wp-content\/uploads\/2023\/07\/lataus-2.png\"><img loading=\"lazy\" decoding=\"async\" class=\"alignnone size-full wp-image-11409\" src=\"https:\/\/marsuyhdistys.net\/home\/wp-content\/uploads\/2023\/07\/lataus-2.png\" alt=\"\" width=\"267\" height=\"189\" \/><\/a><\/p>\n<hr class=\"wp-block-separator has-alpha-channel-opacity\"\/>\n","protected":false},"excerpt":{"rendered":"<p>Tervetuloa Suomen Marsuyhdistyksen kotisivuille! Suomen Marsuyhdistys ry (SMY) on perustettu vuonna 1989 edist\u00e4m\u00e4\u00e4n marsuharrastusta kattaen koko Suomen ja toimimaan yhdist\u00e4v\u00e4n\u00e4 tekij\u00e4n\u00e4 marsuharrastuksessa. TERVETULOA MUKAAN MARSUILEMAAN! Kotisivuiltamme l\u00f6yd\u00e4t laajasti tietoa marsun hoidosta, kasvattajista, n\u00e4yttelyist\u00e4 ym. TULEVAT TAPAHTUMAT 2026 Lis\u00e4tiedot tapahtumista l\u00f6yd\u00e4t\u00a0 &hellip; <a href=\"https:\/\/marsuyhdistys.net\/home\/\">Lue loppuun <span class=\"meta-nav\">&rarr;<\/span><\/a><\/p>\n","protected":false},"author":10,"featured_media":0,"parent":0,"menu_order":0,"comment_status":"closed","ping_status":"open","template":"","meta":{"footnotes":"","_links_to":"","_links_to_target":""},"class_list":["post-1470","page","type-page","status-publish","hentry"],"_links":{"self":[{"href":"https:\/\/marsuyhdistys.net\/home\/wp-json\/wp\/v2\/pages\/1470","targetHints":{"allow":["GET"]}}],"collection":[{"href":"https:\/\/marsuyhdistys.net\/home\/wp-json\/wp\/v2\/pages"}],"about":[{"href":"https:\/\/marsuyhdistys.net\/home\/wp-json\/wp\/v2\/types\/page"}],"author":[{"embeddable":true,"href":"https:\/\/marsuyhdistys.net\/home\/wp-json\/wp\/v2\/users\/10"}],"replies":[{"embeddable":true,"href":"https:\/\/marsuyhdistys.net\/home\/wp-json\/wp\/v2\/comments?post=1470"}],"version-history":[{"count":200,"href":"https:\/\/marsuyhdistys.net\/home\/wp-json\/wp\/v2\/pages\/1470\/revisions"}],"predecessor-version":[{"id":13227,"href":"https:\/\/marsuyhdistys.net\/home\/wp-json\/wp\/v2\/pages\/1470\/revisions\/13227"}],"wp:attachment":[{"href":"https:\/\/marsuyhdistys.net\/home\/wp-json\/wp\/v2\/media?parent=1470"}],"curies":[{"name":"wp","href":"https:\/\/api.w.org\/{rel}","templated":true}]}}