{"id":157,"date":"2012-09-22T21:18:02","date_gmt":"2012-09-22T19:18:02","guid":{"rendered":"http:\/\/marsuyhdistys.net\/home\/?page_id=157"},"modified":"2015-01-10T23:34:13","modified_gmt":"2015-01-10T21:34:13","slug":"skinny","status":"publish","type":"page","link":"https:\/\/marsuyhdistys.net\/home\/kaikki-marsusta\/rodut\/skinny\/","title":{"rendered":"Skinny"},"content":{"rendered":"<p><span style=\"color: #000000;\">T\u00e4m\u00e4n rodun silmiinpist\u00e4vin ominaisuus on l\u00e4hes karvattomuus. Karvaa tulee olla p\u00e4\u00e4ss\u00e4, jaloissa ja sukupuolielinten alueella. Karvan tulee olla karkeaa, tihe\u00e4\u00e4 ja kiharaa. Kaulan ymp\u00e4rill\u00e4 sek\u00e4 jaloissa tulee olla selke\u00e4t ihopoimut. Erityist\u00e4 huomiota tulee kiinnitt\u00e4\u00e4 herk\u00e4n, helposti vaurioituvan ihon hoitoon sek\u00e4 suureen energiatarpeeseen, joka menee l\u00e4mm\u00f6n tuottamiseen.<\/span><\/p>\n<p style=\"text-align: center;\"><strong><br \/>\n<a href=\"http:\/\/marsuyhdistys.net\/home\/wp-content\/uploads\/2012\/09\/koe-st1.jpg\"><img loading=\"lazy\" decoding=\"async\" class=\"alignnone size-full wp-image-1788\" src=\"http:\/\/marsuyhdistys.net\/home\/wp-content\/uploads\/2012\/09\/koe-st1.jpg\" alt=\"skinny\" width=\"300\" height=\"161\" \/><br \/>\n<\/a><\/strong><\/p>\n","protected":false},"excerpt":{"rendered":"<p>T\u00e4m\u00e4n rodun silmiinpist\u00e4vin ominaisuus on l\u00e4hes karvattomuus. Karvaa tulee olla p\u00e4\u00e4ss\u00e4, jaloissa ja sukupuolielinten alueella. Karvan tulee olla karkeaa, tihe\u00e4\u00e4 ja kiharaa. Kaulan ymp\u00e4rill\u00e4 sek\u00e4 jaloissa tulee olla selke\u00e4t ihopoimut. Erityist\u00e4 huomiota tulee kiinnitt\u00e4\u00e4 herk\u00e4n, helposti vaurioituvan ihon hoitoon sek\u00e4 &hellip; <a href=\"https:\/\/marsuyhdistys.net\/home\/kaikki-marsusta\/rodut\/skinny\/\">Lue loppuun <span class=\"meta-nav\">&rarr;<\/span><\/a><\/p>\n","protected":false},"author":10,"featured_media":0,"parent":162,"menu_order":110,"comment_status":"closed","ping_status":"closed","template":"","meta":{"footnotes":"","_links_to":"","_links_to_target":""},"class_list":["post-157","page","type-page","status-publish","hentry"],"_links":{"self":[{"href":"https:\/\/marsuyhdistys.net\/home\/wp-json\/wp\/v2\/pages\/157","targetHints":{"allow":["GET"]}}],"collection":[{"href":"https:\/\/marsuyhdistys.net\/home\/wp-json\/wp\/v2\/pages"}],"about":[{"href":"https:\/\/marsuyhdistys.net\/home\/wp-json\/wp\/v2\/types\/page"}],"author":[{"embeddable":true,"href":"https:\/\/marsuyhdistys.net\/home\/wp-json\/wp\/v2\/users\/10"}],"replies":[{"embeddable":true,"href":"https:\/\/marsuyhdistys.net\/home\/wp-json\/wp\/v2\/comments?post=157"}],"version-history":[{"count":8,"href":"https:\/\/marsuyhdistys.net\/home\/wp-json\/wp\/v2\/pages\/157\/revisions"}],"predecessor-version":[{"id":3671,"href":"https:\/\/marsuyhdistys.net\/home\/wp-json\/wp\/v2\/pages\/157\/revisions\/3671"}],"up":[{"embeddable":true,"href":"https:\/\/marsuyhdistys.net\/home\/wp-json\/wp\/v2\/pages\/162"}],"wp:attachment":[{"href":"https:\/\/marsuyhdistys.net\/home\/wp-json\/wp\/v2\/media?parent=157"}],"curies":[{"name":"wp","href":"https:\/\/api.w.org\/{rel}","templated":true}]}}