{"id":1660,"date":"2013-11-17T12:35:04","date_gmt":"2013-11-17T10:35:04","guid":{"rendered":"http:\/\/marsuyhdistys.net\/home\/?page_id=1660"},"modified":"2013-11-17T12:35:04","modified_gmt":"2013-11-17T10:35:04","slug":"kevatkokous-2007","status":"publish","type":"page","link":"https:\/\/marsuyhdistys.net\/home\/kevatkokous-2007\/","title":{"rendered":"Kev\u00e4tkokous 2007"},"content":{"rendered":"<p>Kev\u00e4tkokous 28.4.2007 Lahti, Sammonkatu 8<\/p>\n<p><strong>L\u00e4sn\u00e4:<\/strong> Anneli Ceder Anna Lindberg Anu Saarela<br \/>\nSusanna Piili Minna Aatela Iina Merjankari<br \/>\nPetra Hautanen Heidi Saarela Katriina Hautala<br \/>\nKirsi Ruotsalainen Hanna Lahtinen Heli Kuoppam\u00e4ki<br \/>\nKristiina Saajanaho Kirsi Loikkanen Tuija Kilpinen<br \/>\nAnne Jalonen.<\/p>\n<p><strong>1. Kokouksen avaus\u00a0<\/strong><br \/>\nKokous avattiin 18.27.<\/p>\n<p><strong>2. Kokouksen laillisuus ja p\u00e4\u00e4t\u00f6svaltaisuus\u00a0<\/strong><br \/>\nKokous todettiin lailliseksi ja p\u00e4\u00e4t\u00f6svaltaiseksi.<\/p>\n<p><strong>3. Kokouksen puheenjohtajan, sihteerin, kahden p\u00f6yt\u00e4kirjantarkastajan ja kahden \u00e4\u00e4ntenlaskijan valinta\u00a0<\/strong><br \/>\nPuheenjohtaja Anneli Ceder<br \/>\nSihteeri Heli Kuoppam\u00e4ki<br \/>\nP\u00f6yt\u00e4kirjantarkastaja Hanna Lahtinen<br \/>\n-\u201d- Kirsi Ruotsalainen<br \/>\n\u00c4\u00e4nten laskija Hanna Lahtinen<br \/>\n-\u201d- Kirsi Ruotsalainen<\/p>\n<p><strong>4. Ty\u00f6j\u00e4rjestyksen hyv\u00e4ksyminen\u00a0<\/strong><br \/>\nHyv\u00e4ksyttiin ty\u00f6j\u00e4rjestys<\/p>\n<p><strong>5. Toimintakertomuksen ja tilinp\u00e4\u00e4t\u00f6ksen hyv\u00e4ksyminen\u00a0<\/strong><br \/>\nHyv\u00e4ksyttiin.<\/p>\n<p><strong>6. Vastuuvapauden my\u00f6nt\u00e4minen hallitukselle ja tilinp\u00e4\u00e4t\u00f6ksen vahvistaminen\u00a0<\/strong><br \/>\nMy\u00f6nnettiin vastuuvapaus hallitukselle ja vahvistettiin tilinp\u00e4\u00e4t\u00f6s.<\/p>\n<p><strong>7. Hallituksen esitt\u00e4m\u00e4t asiat\u00a0<\/strong><br \/>\n<strong>&#8211; standardin hyv\u00e4ksyminen\u00a0<\/strong><br \/>\nStandardi hyv\u00e4ksyt\u00e4\u00e4n p\u00e4\u00e4piirteitt\u00e4in t\u00e4llaisena. Annetaan mahdollisuus antaa j\u00e4senille ja kasvattajille viel\u00e4 kommentteja standardiin. N\u00e4yttelyiss\u00e4 annetaan mahdollisuus tutustua standardiin sek\u00e4 l\u00e4hetet\u00e4\u00e4n kasvattajille heid\u00e4n kasvattamiensa rotujen\/v\u00e4rien standardit tutustuttavaksi.<\/p>\n<p><strong>&#8211; ei standardin muuttaminen ei- ja koe-standardiksi ja niihin kuuluvien rotujen\u00a0<\/strong><br \/>\n<strong>p\u00e4\u00e4tt\u00e4minen\u00a0<\/strong><br \/>\nP\u00e4\u00e4tettiin uudet rodut koestandardiin:<br \/>\nCh-teddy, ch-teddy crest<br \/>\nSkinny<br \/>\nLynkarya (kaikki muunnokset, paitsi satiinit)<br \/>\nBuff agouti, Saffron agouti, Cream agouti<br \/>\nBuff argente, Saffron argente, Cream argente<\/p>\n<p>Standardissa olevat agoutit\/argentet:<br \/>\nGolden agouti, Silver agouti, Cinnamon agouti, Lemon agouti, Orange agouti<br \/>\nGolden argente, Silver argente, Cinnamon argente, Lemon argente, Orange argente<br \/>\nGrey golden argente, Grey silver argente, Grey lemon argente, Grey cinnamon argente, Grey orange argente<\/p>\n<p>Uutta rotua ei-standardiin ilmoittaessa, on standarditoimikunnalle toimitettava kuukautta ennen viimeist\u00e4 n\u00e4yttelyyn ilmoittautumisp\u00e4iv\u00e4\u00e4 ohjeistus rodusta sek\u00e4 mahdollisia l\u00e4hdeviitteit\u00e4 tai muita osoitteita, joista voi mahdollisesti etsi\u00e4 lis\u00e4tietoa rodusta. Ei-standardiluokkiin osallistuvien marsujen ei tarvitse olla rekister\u00f6ityj\u00e4 mutta koe-standardiin osallistuvien on oltava.<\/p>\n<p><strong>&#8211; sertiruusukkeet\u00a0<\/strong><br \/>\nKeskusteltiin sertiruusukkeista ja pet-luokkien kumaruusukkeista. Serti- korttia vastaan saisi palkintovastaavalta sertiruusukkeen n\u00e4yttelyss\u00e4. Sertiruusuketta ei voisi en\u00e4\u00e4 palauttaa takaisin yhdistykselle. Hallitus valmistelee asian valmiiksi syksyn yleiskokoukseen.<\/p>\n<p><strong>&#8211; pet tuomarioikeuksien s\u00e4ilyminen\u00a0<\/strong><br \/>\nJaniikan pyynn\u00f6st\u00e4 asia oli kokouslistalla mutta h\u00e4nen poissa ollessaan asiaa ei voitu k\u00e4sitell\u00e4.<\/p>\n<p><strong>&#8211; rahastonhoitajan vaihtuminen<\/strong><br \/>\nRahastonhoitajan ty\u00f6st\u00e4 pois j\u00e4\u00e4v\u00e4lle Kaijalle hankitaan yhdistyksen puolelta lahja\/lahjakortti jonka hallitus p\u00e4\u00e4tt\u00e4\u00e4 sek\u00e4 maksetaan t\u00e4lt\u00e4 vuodelta palkkio.<\/p>\n<p><strong>&#8211; satiinit\u00a0<\/strong><br \/>\n31.10.2007 j\u00e4lkeen syntyneit\u00e4 satiinimarsuja ei saa en\u00e4\u00e4 rekister\u00f6ity\u00e4.<br \/>\nHanna Lahtinen kirjoittaa j\u00e4senlehteen artikkelin.<\/p>\n<p><strong>&#8211; n\u00e4yttelys\u00e4\u00e4nt\u00f6jen uudistus\u00a0<\/strong><br \/>\nN\u00e4yttelys\u00e4\u00e4nt\u00f6jen uudistuksia k\u00e4sitell\u00e4\u00e4n viel\u00e4 syyskokouksessa ja s\u00e4\u00e4nt\u00f6muutokset nettiin sek\u00e4 j\u00e4senlehteen.<br \/>\nN\u00e4yttelyyn ilmoittautumiset mieluiten s\u00e4hk\u00f6postitse, mutta my\u00f6s<br \/>\nkirjeitse on oltava mahdollista ilmoittaa marsuja n\u00e4yttelyihin.<br \/>\nN\u00e4yttelykutsut pyrit\u00e4\u00e4n julkaisemaan sek\u00e4 lehdess\u00e4 ett\u00e4 yhdistyksen kotisivuilla. Kuitenkin jos kutsua ei lehden hitaan ilmestymisrytmin vuoksi ehdit\u00e4 julkaisemaan siin\u00e4, voi sen julkaista vain yhdistyksen kotisivuilla.<br \/>\nN\u00e4yttelyyn ilmoitetut el\u00e4imet on maksettava, vaikka henkil\u00f6 ei tulisikaan paikalle. Jos syyn\u00e4 on sairaus tai muu ylivoimainen este, on poissaolo ja sen syy ilmoitettava ennen n\u00e4yttely\u00e4 hallituksen j\u00e4senelle tai n\u00e4yttelyn vastuuhenkil\u00f6lle, jolloin hyv\u00e4st\u00e4 syyst\u00e4 voi saada vapautuksen maksuista.<\/p>\n<p><strong>8. Muut asiat\u00a0<\/strong><br \/>\n<strong>Keskusteltiin marsujen rekister\u00f6ij\u00e4lle palkasta.<\/strong><br \/>\nP\u00e4\u00e4tettiin tarjota sihteerille ja tuomarille ruoat jos yhdistyksell\u00e4 on oma buffetti n\u00e4yttelyss\u00e4. N\u00e4yttelyn j\u00e4rjest\u00e4j\u00e4t\/vastuuhenkil\u00f6t saavat my\u00f6s halutessaan. Buffetin vastuuhenkil\u00f6 hankkii juomat\/ruoat buffettiin.<\/p>\n<p><strong>9. Kokouksen p\u00e4\u00e4tt\u00e4minen\u00a0<\/strong><\/p>\n<p><strong>Kokous p\u00e4\u00e4ttyi 20.43.\u00a0<\/strong><\/p>\n","protected":false},"excerpt":{"rendered":"<p>Kev\u00e4tkokous 28.4.2007 Lahti, Sammonkatu 8 L\u00e4sn\u00e4: Anneli Ceder Anna Lindberg Anu Saarela Susanna Piili Minna Aatela Iina Merjankari Petra Hautanen Heidi Saarela Katriina Hautala Kirsi Ruotsalainen Hanna Lahtinen Heli Kuoppam\u00e4ki Kristiina Saajanaho Kirsi Loikkanen Tuija Kilpinen Anne Jalonen. 1. Kokouksen &hellip; <a href=\"https:\/\/marsuyhdistys.net\/home\/kevatkokous-2007\/\">Lue loppuun <span class=\"meta-nav\">&rarr;<\/span><\/a><\/p>\n","protected":false},"author":10,"featured_media":0,"parent":0,"menu_order":0,"comment_status":"closed","ping_status":"open","template":"","meta":{"footnotes":"","_links_to":"","_links_to_target":""},"class_list":["post-1660","page","type-page","status-publish","hentry"],"_links":{"self":[{"href":"https:\/\/marsuyhdistys.net\/home\/wp-json\/wp\/v2\/pages\/1660","targetHints":{"allow":["GET"]}}],"collection":[{"href":"https:\/\/marsuyhdistys.net\/home\/wp-json\/wp\/v2\/pages"}],"about":[{"href":"https:\/\/marsuyhdistys.net\/home\/wp-json\/wp\/v2\/types\/page"}],"author":[{"embeddable":true,"href":"https:\/\/marsuyhdistys.net\/home\/wp-json\/wp\/v2\/users\/10"}],"replies":[{"embeddable":true,"href":"https:\/\/marsuyhdistys.net\/home\/wp-json\/wp\/v2\/comments?post=1660"}],"version-history":[{"count":1,"href":"https:\/\/marsuyhdistys.net\/home\/wp-json\/wp\/v2\/pages\/1660\/revisions"}],"predecessor-version":[{"id":1661,"href":"https:\/\/marsuyhdistys.net\/home\/wp-json\/wp\/v2\/pages\/1660\/revisions\/1661"}],"wp:attachment":[{"href":"https:\/\/marsuyhdistys.net\/home\/wp-json\/wp\/v2\/media?parent=1660"}],"curies":[{"name":"wp","href":"https:\/\/api.w.org\/{rel}","templated":true}]}}