{"id":2122,"date":"2014-01-19T01:21:27","date_gmt":"2014-01-18T23:21:27","guid":{"rendered":"http:\/\/marsuyhdistys.net\/home\/?page_id=2122"},"modified":"2026-01-19T13:16:49","modified_gmt":"2026-01-19T11:16:49","slug":"maksut","status":"publish","type":"page","link":"https:\/\/marsuyhdistys.net\/home\/yhdistys\/maksut\/","title":{"rendered":"Maksut"},"content":{"rendered":"<p><span style=\"color: #000000;\"><strong>Suomen Marsuyhdistyksen tilinumero on<\/strong>\u00a0<strong>FI74 1469 3000 0265 06<\/strong><strong>.<\/strong><\/span><\/p>\n<p><span style=\"color: #000000;\"><strong>J\u00e4senmaksut:<\/strong><\/span><br \/><span style=\"color: #000000;\">J\u00e4senmaksujen suuruudet l\u00f6yd\u00e4t<span style=\"color: #0000ff;\"><a style=\"color: #0000ff;\" title=\"J\u00e4seneksi\" href=\"http:\/\/marsuyhdistys.net\/home\/?page_id=1291\" target=\"_blank\" rel=\"noopener\"> t\u00e4\u00e4lt\u00e4<\/a><\/span>.<\/span><br \/><span style=\"color: #000000;\"> Maksaessasi muista k\u00e4ytt\u00e4\u00e4 viitett\u00e4 <strong>2600<\/strong><\/span><br \/><span style=\"color: #000000;\"> <strong> Kaikkien tulee t\u00e4ytt\u00e4\u00e4 ja l\u00e4hett\u00e4\u00e4 j\u00e4senkaavake, <span style=\"text-decoration: underline;\">my\u00f6s vanhojen j\u00e4senten<\/span>.<\/strong><\/span><br \/><span style=\"color: #000000;\"> Lomake l\u00f6ytyy<\/span><span style=\"color: #0000ff;\"><a style=\"color: #0000ff;\" title=\"J\u00e4senlomake\" href=\"http:\/\/marsuyhdistys.net\/home\/?page_id=1291\" target=\"_blank\" rel=\"noopener\"> t\u00e4\u00e4lt\u00e4.<\/a><\/span><\/p>\n<p><span style=\"color: #000000;\"><strong>Rekister\u00f6innit<\/strong><\/span><br \/><span style=\"color: #000000;\"> &#8211; SMY:n my\u00f6nt\u00e4mille kasvattajanimellisille kasvattajille 2 \u20ac\/marsu<\/span><br \/><span style=\"color: #000000;\"> &#8211; J\u00e4senille 3 \u20ac \/ marsu<\/span><br \/><span style=\"color: #000000;\"> &#8211; Ei j\u00e4senille 5 \u20ac\/marsu.<\/span><\/p>\n<p><strong>Lemmikkimarsut<\/strong><\/p>\n<p>&#8211; J\u00e4senille 2\u20ac\/marsu<\/p>\n<p>&#8211; Ei j\u00e4senille 3\u20ac\/marsu<\/p>\n<p><span style=\"color: #000000;\">Maksaessasi muista k\u00e4ytt\u00e4\u00e4 viitett\u00e4 <strong>2626.<\/strong><\/span><br \/><span style=\"color: #000000;\"> Rekister\u00f6intis\u00e4\u00e4nn\u00f6t l\u00f6yd\u00e4t <\/span><span style=\"color: #0000ff;\"><a style=\"color: #0000ff;\" title=\"Rekister\u00f6intis\u00e4\u00e4nn\u00f6t\" href=\"http:\/\/marsuyhdistys.net\/home\/?page_id=31\" target=\"_blank\" rel=\"noopener\">t\u00e4\u00e4lt\u00e4<\/a><\/span>.<br \/><span style=\"color: #000000;\">Rekister\u00f6intiohjeet l\u00f6yd\u00e4t <a href=\"http:\/\/marsuyhdistys.net\/home\/?page_id=7795\">t\u00e4\u00e4lt\u00e4.<\/a><\/span><\/p>\n<p>Sukutaulupohjan l\u00f6yd\u00e4t <a href=\"http:\/\/marsuyhdistys.net\/home\/wp-content\/uploads\/2013\/01\/Sukutaulupohja.doc\">t\u00e4\u00e4lt\u00e4.<\/a>\u00a0<\/p>\n<p><strong>Kasvattajanimihakemusmaksu<\/strong><br \/>\u00a0-20\u20ac \u00a0<\/p>\n<p><span style=\"color: #000000;\"> <strong>Myyntipaikat<\/strong><\/span><br \/><span style=\"color: #000000;\"> N\u00e4yttelyihin on mahdollista vuokrata Suomen Marsuyhdistykselt\u00e4 myyntipaikka. Myyntipaikkojen hinnat:<\/span><\/p>\n<ul>\n<li><span style=\"color: #000000;\">J\u00e4senille: 10\u20ac<\/span><\/li>\n<li><span style=\"color: #000000;\">J\u00e4senten yrityksille: 20\u20ac<\/span><\/li>\n<li><span style=\"color: #000000;\">Ulkopuolisille yrityksille: 30\u20ac<br \/><\/span><\/li>\n<\/ul>\n<div dir=\"auto\"><strong>N\u00e4yttelyiden anominen<\/strong><\/div>\n<div dir=\"auto\">\u00a0<\/div>\n<div dir=\"auto\">Suomen marsuyhdistyksen lis\u00e4ksi, voivat muutkin tahot hakea marsun\u00e4yttelyit\u00e4\u00e4n virallisiksi. T\u00e4ll\u00f6in n\u00e4yttelyt j\u00e4rjestet\u00e4\u00e4n Suomen marsuyhdistyksen s\u00e4\u00e4nt\u00f6jen mukaisesti sek\u00e4 tulokset osallistuvat marsujen vuoden voittaja kilpailuun.<\/div>\n<div dir=\"auto\">\u00a0<\/div>\n<div dir=\"auto\">Hakemus virallisille n\u00e4yttelyille haetaan avoimella hakemuksella, jossa t\u00e4ytyy ilmet\u00e4\u00a0<\/div>\n<div dir=\"auto\">&#8211; J\u00e4rjest\u00e4v\u00e4 taho<\/div>\n<div dir=\"auto\">&#8211; N\u00e4yttelyn aika<\/div>\n<div dir=\"auto\">&#8211; N\u00e4yttelyn paikka<\/div>\n<div dir=\"auto\">&#8211; El\u00e4intarkastuskouluksen k\u00e4yneet el\u00e4intentarkastajat 2kpl &#8211; Suomen Marsuyhdistyksen hyv\u00e4ksym\u00e4t tuomarit<\/div>\n<div dir=\"auto\">\u00a0<\/div>\n<div dir=\"auto\">\u00a0<\/div>\n<div dir=\"auto\">\u00a0<\/div>\n<div dir=\"auto\">\u00a0<\/div>\n<p><span style=\"color: #000000;\"><strong>FI MVA, M-MVA, EL-lemmikki- ja MEL-lemmikki-ruusukkeet<br \/><\/strong>Kun marsu valmistuu Suomen Muotovalioksi, Suomen Megamuotovalioksi, Eliittilemmikiksi tai MegaEliittiLemmikiksi, voi omistaja ostaa marsulleen ruusukkeen. Ruusukkeita on mahdollisuus ostaa n\u00e4yttelyiden yhteydess\u00e4 <strong>ainoastaan infosta<\/strong>.<br \/><\/span><\/p>\n<p>Ruusukkeiden hinnat: <br \/>FI MVA, FI JMVA, FI M-MVA :7\u20ac<br \/>MEL-lemmikki: 10\u20ac\u00a0<\/p>\n<p><strong>Hox! <\/strong><\/p>\n<p>Kyselyt valioitunmisista ja ruusukkeista s\u00e4hk\u00f6postiosoitteeseen <strong>smy.tittelit@gmail.com<\/strong><\/p>\n<p><a href=\"http:\/\/marsuyhdistys.net\/home\/wp-content\/uploads\/2013\/02\/FINMVAEPET.jpg\"><img loading=\"lazy\" decoding=\"async\" class=\"size-thumbnail wp-image-697 alignleft\" src=\"http:\/\/marsuyhdistys.net\/home\/wp-content\/uploads\/2013\/02\/FINMVAEPET-150x150.jpg\" alt=\"FINMVAEPET\" width=\"150\" height=\"150\" \/><\/a><\/p><\/p>\n","protected":false},"excerpt":{"rendered":"<p>Suomen Marsuyhdistyksen tilinumero on\u00a0FI74 1469 3000 0265 06. J\u00e4senmaksut:J\u00e4senmaksujen suuruudet l\u00f6yd\u00e4t t\u00e4\u00e4lt\u00e4. Maksaessasi muista k\u00e4ytt\u00e4\u00e4 viitett\u00e4 2600 Kaikkien tulee t\u00e4ytt\u00e4\u00e4 ja l\u00e4hett\u00e4\u00e4 j\u00e4senkaavake, my\u00f6s vanhojen j\u00e4senten. Lomake l\u00f6ytyy t\u00e4\u00e4lt\u00e4. Rekister\u00f6innit &#8211; SMY:n my\u00f6nt\u00e4mille kasvattajanimellisille kasvattajille 2 \u20ac\/marsu &#8211; J\u00e4senille 3 &hellip; <a href=\"https:\/\/marsuyhdistys.net\/home\/yhdistys\/maksut\/\">Lue loppuun <span class=\"meta-nav\">&rarr;<\/span><\/a><\/p>\n","protected":false},"author":10,"featured_media":0,"parent":9,"menu_order":45,"comment_status":"closed","ping_status":"open","template":"","meta":{"footnotes":"","_links_to":"","_links_to_target":""},"class_list":["post-2122","page","type-page","status-publish","hentry"],"_links":{"self":[{"href":"https:\/\/marsuyhdistys.net\/home\/wp-json\/wp\/v2\/pages\/2122","targetHints":{"allow":["GET"]}}],"collection":[{"href":"https:\/\/marsuyhdistys.net\/home\/wp-json\/wp\/v2\/pages"}],"about":[{"href":"https:\/\/marsuyhdistys.net\/home\/wp-json\/wp\/v2\/types\/page"}],"author":[{"embeddable":true,"href":"https:\/\/marsuyhdistys.net\/home\/wp-json\/wp\/v2\/users\/10"}],"replies":[{"embeddable":true,"href":"https:\/\/marsuyhdistys.net\/home\/wp-json\/wp\/v2\/comments?post=2122"}],"version-history":[{"count":35,"href":"https:\/\/marsuyhdistys.net\/home\/wp-json\/wp\/v2\/pages\/2122\/revisions"}],"predecessor-version":[{"id":12930,"href":"https:\/\/marsuyhdistys.net\/home\/wp-json\/wp\/v2\/pages\/2122\/revisions\/12930"}],"up":[{"embeddable":true,"href":"https:\/\/marsuyhdistys.net\/home\/wp-json\/wp\/v2\/pages\/9"}],"wp:attachment":[{"href":"https:\/\/marsuyhdistys.net\/home\/wp-json\/wp\/v2\/media?parent=2122"}],"curies":[{"name":"wp","href":"https:\/\/api.w.org\/{rel}","templated":true}]}}