{"id":242,"date":"2012-09-23T11:41:39","date_gmt":"2012-09-23T09:41:39","guid":{"rendered":"http:\/\/marsuyhdistys.net\/home\/?page_id=242"},"modified":"2025-10-09T09:32:24","modified_gmt":"2025-10-09T07:32:24","slug":"yleiset-nayttelyyn-ilmoittautumisohjeet","status":"publish","type":"page","link":"https:\/\/marsuyhdistys.net\/home\/kaikki-nayttelyista\/yleiset-nayttelyyn-ilmoittautumisohjeet\/","title":{"rendered":"Yleiset n\u00e4yttelyyn ilmoittautumisohjeet"},"content":{"rendered":"<p><span style=\"color: #000000;\"><strong>Arvostelut alkavat klo 10.00 ja p\u00e4\u00e4ttyv\u00e4t n. klo. 18.00 ellei toisin ole mainittu. N\u00e4yttelypaikalle saavutaan klo. 9.00 alkaen.<\/strong><\/span><\/p>\n<p><span style=\"color: #000000;\"><strong>Ilmoittautuminen:<\/strong><\/span><\/p>\n<p><span style=\"color: #000000;\">Voit ilmoittaa saman marsun my\u00f6s ulkomuotoluokkaan sek\u00e4 lemmikkiluokkaan. Ilman SMY:n rekisterinumeroa tai muuten ep\u00e4selv\u00e4sti tai puutteellisesti ilmoitetut marsut siirret\u00e4\u00e4n automaattisesti lemmikkiluokkaan.\u00a0<\/span><\/p>\n<p>Muualta kuin Suomesta tulevat marsut eiv\u00e4t tarvitse SMY:n rekisterinumeroa (oman maan yhdistyksen rekisterinumero riitt\u00e4\u00e4).<\/p>\n<p><span style=\"color: #000000;\">Huomioi, ett\u00e4 ik\u00e4 ilmoitetaan t\u00e4ysin\u00e4 kuukausina! Mik\u00e4li marsusi on esim. 2,5kk, laita ilmoittautumiseen 2kk.<\/span><\/p>\n<p><strong>Ulkomuotoluokka:<\/strong><\/p>\n<p>N\u00e4yttelyp\u00e4iv\u00e4, luokka ja tuomari<br \/>\n<span style=\"color: #000000;\"> Marsun rotu, v\u00e4ri<\/span><br \/>\n<span style=\"color: #000000;\"> Marsun nimi, rekisterinumero, sukupuoli, ik\u00e4 T\u00c4YSIN\u00c4 kuukausina n\u00e4yttelyp\u00e4iv\u00e4n\u00e4<\/span><br \/>\n<span style=\"color: #000000;\"> marsun is\u00e4 \u2013 marsun em\u00e4<\/span><br \/>\n<span style=\"color: #000000;\">Kasvattaja \u2013 Omistaja<\/span><\/p>\n<p><span style=\"color: #000000;\">Esimerkki:<\/span><\/p>\n<p><span style=\"color: #000000;\">1.1.2025, aikuisten luokka, Maija Meik\u00e4l\u00e4inen<\/span><br \/>\n<span style=\"color: #000000;\"> Teddy golden\/white<\/span><br \/>\n<span style=\"color: #000000;\"> Maija Mehil\u00e4inen, M156-08, naaras, 12kk<\/span><br \/>\n<span style=\"color: #000000;\"> Pertti \u2013 Martta<\/span><br \/>\n<span style=\"color: #000000;\"> Kasv. Marja Marsu \u2013 Om. Merja Mursu<\/span><\/p>\n<p><strong>Lemmikkiluokka:<\/strong><\/p>\n<p>N\u00e4yttelyp\u00e4iv\u00e4, luokka ja tuomari<br \/>\n<span style=\"color: #000000;\"> Sukupuoli<\/span><br \/>\n<span style=\"color: #000000;\"> Marsun nimi, rotu, ik\u00e4 T\u00c4YSIN\u00c4 kuukausina n\u00e4yttelyp\u00e4iv\u00e4n\u00e4<\/span><br \/>\n<span style=\"color: #000000;\"> Om. Omistajan nimi<\/span><\/p>\n<p><span style=\"color: #000000;\">Esimerkki:<\/span><\/p>\n<p>1.1.2025, Lemmikki2, Matti Meik\u00e4l\u00e4inen<br \/>\n<span style=\"color: #000000;\"> Uros, veteraani<\/span><br \/>\n<span style=\"color: #000000;\"> Jami, risteytys, 41kk<\/span><br \/>\n<span style=\"color: #000000;\"> Om. Nyyti Nyytil\u00e4inen<\/span><\/p>\n<p><span style=\"color: #000000;\"> Huomioithan ilmoittautumisia kirjoittaessasi marsusi saamien titteleiden oikean kirjoitusasun!\u00a0<\/span><\/p>\n<p><span style=\"color: #000000;\">Mik\u00e4li tittelit ovat v\u00e4\u00e4rin kirjoitettu, niit\u00e4 ei julkaista luettelossa.<\/span><br \/>\n<span style=\"color: #000000;\"> Oikeat kirjoitusasut kannattaa tarkistaa t\u00e4\u00e4lt\u00e4:<\/span><br \/>\n<span style=\"color: #0000ff;\"><a style=\"color: #0000ff;\" href=\"http:\/\/marsuyhdistys.net\/home\/?page_id=249\">http:\/\/marsuyhdistys.net\/home\/?page_id=249<\/a><\/span><\/p>\n<p><span style=\"color: #000000;\">Mik\u00e4li marsusi on useamman maan muotovalio, kirjoita se n\u00e4in: FI &amp; S MVA.<br \/>\n\u00c4l\u00e4 laita marsusi nimen per\u00e4\u00e4n t\u00e4htimerkkej\u00e4 kuvaamaan saatujen sertien m\u00e4\u00e4r\u00e4\u00e4.<\/span><\/p>\n<p><span style=\"color: #000000;\"> <strong>Myyt\u00e4v\u00e4t marsut<\/strong><\/span><br \/>\n<span style=\"color: #000000;\"> Luetteloon voit halutessasi saada marsusi tietojen per\u00e4\u00e4n MYYNNISS\u00c4- maininnan mik\u00e4li olet n\u00e4yttelyyn osallistuvaa marsuasi myym\u00e4ss\u00e4. Ilmoita asiasta osoitteeseen smy.hallitus@gmail.com<\/span><\/p>\n<p><span style=\"text-decoration: underline; color: #ff0000;\"><strong>Ilmoittautumisiin liittyviss\u00e4 kysymyksiss\u00e4 kannattaa ottaa yhteytt\u00e4 ilmoittautumisten vastaanottajaan:\u00a0<a style=\"color: #ff0000; text-decoration: underline;\" href=\"mailto:smyilmo@gmail.com\">smyilmo@gmail.com<\/a><\/strong><\/span><\/p>\n<p><span style=\"text-decoration: underline; color: #000000;\"><strong>Ilmoittautumisen mukana tulee seurata kuitti (tai kopio) maksetusta n\u00e4yttelymaksusta.<\/strong><\/span><\/p>\n<p><span style=\"color: #000000;\"><strong>J\u00e4lki-ilmoittautuminen<br \/>\n<\/strong>Ulkomuotoluokkaan ja Lemmikkiluokkaan on aina mahdollista j\u00e4lki-ilmoittautua, jos kutsussa ei toisin mainita. J\u00e4lki-ilmoittautuminen alkaa paikan p\u00e4\u00e4ll\u00e4 klo 9:00. Ulkomuotoluokan j\u00e4lki-ilmoittautumiseen tarvitset mukaan marsun rekisteripaperit tai esit\u00e4 marsun tiedot marsurekisterist\u00e4.<\/span><\/p>\n<p><span style=\"color: #000000;\"><strong>Maksaminen:<\/strong><\/span><br \/>\n<span style=\"color: #000000;\"> Ilmoittautumiset maksetaan etuk\u00e4teen Suomen Marsuyhdistys ry:n tilille<br \/>\n<strong>FI74 1469 3000 0265 06<\/strong>.\u00a0N\u00e4yttelykohtaisen viitenumeron l\u00f6yd\u00e4t n\u00e4yttelymainoksesta. Ilmoittautumisen mukana tulee seurata kuitti (tai kopio) maksetusta n\u00e4yttelymaksusta. Alennukset koskevat vain j\u00e4senmaksunsa maksaneita. J\u00e4senmaksu tulee olla maksettuna kaksi viikkoa ennen viimeist\u00e4 ilmoittautumisp\u00e4iv\u00e4\u00e4. Jos j\u00e4senmaksu on maksettu my\u00f6hemmin, tulee ilmoittautumisen mukana olla kuitti my\u00f6s siit\u00e4.<strong>\u00a0<\/strong><\/span><\/p>\n<p><span style=\"color: #000000;\"><strong>Ilmoittautumismaksut:<\/strong><\/span><\/p>\n<p>J\u00e4sen n\u00e4yttelymaksu on 7\u20ac\/marsu sek\u00e4 lemmikki- ett\u00e4 ulkomuotoluokkaan.<\/p>\n<p>Ei-j\u00e4senen n\u00e4yttelymaksu on 10\u20ac\/ marsu sek\u00e4 lemmikki- ett\u00e4 ulkomuotoluokissa.<\/p>\n<p><span style=\"color: #000000;\"> Kasvattaja- ja jalostusluokat 5\u20ac\/ kpl.<\/span><\/p>\n<p>J\u00e4lki-ilmoittautuminen 10\u20ac\/marsu sek\u00e4 lemmikki- ett\u00e4 ulkomuotoluokkaan.<\/p>\n<p><span style=\"color: #000000;\"> V\u00e4liaikakilpailut 1\u20ac<\/span><\/p>\n<p><strong>N\u00e4yttelyluettelo julkaistaan ennen n\u00e4yttely\u00e4 SMY:n kotisivuilla.<\/strong><\/p>\n<p><span style=\"color: #000000;\"><strong>El\u00e4intentarkastus:<\/strong><\/span><br \/>\n<span style=\"color: #000000;\">El\u00e4intentarkastus suoritetaan kaikille el\u00e4imille, my\u00f6s myyt\u00e4ville ja n\u00e4yttelyss\u00e4 kotia vaihtaville. Mik\u00e4li el\u00e4intentarkastuksessa kaksi el\u00e4intentarkastajaa toteaa marsulla olevan silsaoireita, tulee omistajan poistaa kaikki marsunsa n\u00e4yttelypaikalta v\u00e4hint\u00e4\u00e4n karanteenialueelle, mielell\u00e4\u00e4n pois koko n\u00e4yttelyn sis\u00e4tiloista. Messuilla ei ole karanteenipaikkaa, joten siell\u00e4 marsujen t\u00e4ytyy poistua koko messualueelta heti. Jos samassa kuljetuslaatikossa alueelta poistettavien marsujen kanssa on ollut toisen omistajan marsuja, my\u00f6s niiden p\u00e4\u00e4sy n\u00e4yttelyalueelle on ev\u00e4tty. Samalla kyydill\u00e4 tulleita toisen omistajan marsuja ei hyl\u00e4t\u00e4.<\/span><\/p>\n<p><span style=\"color: #000000;\"><strong>Yleist\u00e4:<\/strong><\/span><br \/>\n<span style=\"color: #000000;\"> \u2013 Kaksoisomistuksessa olevan marsun kummankin omistajan tulee olla j\u00e4sen saadakseen j\u00e4senalennukset. Muutoin noudatetaan ei-j\u00e4senhintoja.<\/span><br \/>\n<span style=\"color: #000000;\"> \u2013 Kaksoisomistuksessa olevan marsun toinen omistaja saa kulkuluvan sellaiseen n\u00e4yttelyyn johon kulkulupia tarvitaan.<\/span><br \/>\n<span style=\"color: #000000;\"> \u2013 Kaksip\u00e4iv\u00e4isess\u00e4 n\u00e4yttelyss\u00e4 on kukin n\u00e4yttely omansa ja lasketaan eri n\u00e4yttelyin\u00e4. Jos sama marsu osallistuu samana p\u00e4iv\u00e4n\u00e4 my\u00f6s lemmikkiluokkaan on se oma n\u00e4yttelyns\u00e4. N\u00e4yttelymaksut voidaan kumminkin maksaa yhten\u00e4 summana.<\/span><br \/>\n<span style=\"color: #000000;\"> \u2013 Jokainen omistajaa takaa antamansa tiedot oikeiksi ja ett\u00e4 ilmoitettu marsu on terve ja siin\u00e4 ei ole ulkoloisia. Katso n\u00e4yttelys\u00e4\u00e4nn\u00f6t.<\/span><\/p>\n<p><span style=\"color: #000000;\">\u2013 N\u00e4yttelyyn ilmoittautuessa marsusi tiedot tallennetaan ilmoittautumisohjelman kautta tulevia n\u00e4yttelyit\u00e4 varten.<\/span><\/p>\n<p><span style=\"color: #000000;\"> \u2013 Vain maksetut ilmoittautumiset huomioidaan.<\/span><\/p>\n<p><span style=\"color: #000000;\">Yhdistys edellytt\u00e4\u00e4 ett\u00e4 n\u00e4yttelyiss\u00e4 trimmaaminen ja kaikki mahdollisesti karvoja tai eritteit\u00e4 levitt\u00e4v\u00e4 el\u00e4inten valmistelu v\u00e4hennet\u00e4\u00e4n vain pakolliseen. Pitk\u00e4karvaiset marsut saa kammataan auki ja nyytitt\u00e4\u00e4 vain niille varatulla p\u00f6yd\u00e4ll\u00e4 jos sellaisia on.<\/span><\/p>\n<p><span style=\"color: #000000;\">Muista tarkistaa, ett\u00e4 ilmoittamasi el\u00e4imen tiedot ovat oikein n\u00e4yttelyluettelossa samalla kun ilmoittaudut n\u00e4yttelyn infopisteess\u00e4\/ ilmoittautumispisteess\u00e4. Mik\u00e4li niiss\u00e4 on virheit\u00e4, niist\u00e4 tulee ilmoittaa ennen n\u00e4yttelyn alkua infopisteeseen\/ ilmoittautumispisteeseen. N\u00e4yttelyn alettua yhdistys ei vastaa virheist\u00e4.<\/span><\/p>\n<p><span style=\"color: #000000;\">Kaikki n\u00e4ytteilleasettajat sitoutuvat noudattamaan SMY:n n\u00e4yttelys\u00e4\u00e4nt\u00f6j\u00e4. N\u00e4yttelytulokset ovat julkisia. N\u00e4yttely\u00e4 ei ole vakuutettu, vaan jokainen n\u00e4ytteilleasettaja vastaa itsens\u00e4 tai el\u00e4imens\u00e4 aiheuttamista vahingoista.<\/span><\/p>\n<p>Jos marsusi saa ulkomuotoluokassa sertin, voi ruusukkeen lunastaa yhdistyksen Infosta 1\u20ac hintaan.<\/p>\n<p><span style=\"color: #000000;\">N\u00e4yttelyj\u00e4 koskevat kysymykset: smy.hallitus@gmail.com<\/span><\/p>\n<p><span style=\"color: #008080;\"><strong>Suomen Marsuyhdistys ry toivottaa kaikki tervetulleiksi n\u00e4yttelyyn!<\/strong><\/span><\/p>\n<p style=\"text-align: center;\"><a href=\"http:\/\/marsuyhdistys.net\/home\/wp-content\/uploads\/2013\/11\/smy.logo_.jpg\"><img loading=\"lazy\" decoding=\"async\" class=\"size-medium wp-image-1385 alignnone\" src=\"http:\/\/marsuyhdistys.net\/home\/wp-content\/uploads\/2013\/11\/smy.logo_-285x300.jpg\" alt=\"smy.logo\" width=\"285\" height=\"300\" srcset=\"https:\/\/marsuyhdistys.net\/home\/wp-content\/uploads\/2013\/11\/smy.logo_-285x300.jpg 285w, https:\/\/marsuyhdistys.net\/home\/wp-content\/uploads\/2013\/11\/smy.logo_.jpg 300w\" sizes=\"auto, (max-width: 285px) 100vw, 285px\" \/><\/a><\/p>\n","protected":false},"excerpt":{"rendered":"<p>Arvostelut alkavat klo 10.00 ja p\u00e4\u00e4ttyv\u00e4t n. klo. 18.00 ellei toisin ole mainittu. N\u00e4yttelypaikalle saavutaan klo. 9.00 alkaen. Ilmoittautuminen: Voit ilmoittaa saman marsun my\u00f6s ulkomuotoluokkaan sek\u00e4 lemmikkiluokkaan. Ilman SMY:n rekisterinumeroa tai muuten ep\u00e4selv\u00e4sti tai puutteellisesti ilmoitetut marsut siirret\u00e4\u00e4n automaattisesti lemmikkiluokkaan.\u00a0 &hellip; <a href=\"https:\/\/marsuyhdistys.net\/home\/kaikki-nayttelyista\/yleiset-nayttelyyn-ilmoittautumisohjeet\/\">Lue loppuun <span class=\"meta-nav\">&rarr;<\/span><\/a><\/p>\n","protected":false},"author":10,"featured_media":0,"parent":51,"menu_order":4,"comment_status":"closed","ping_status":"closed","template":"","meta":{"footnotes":"","_links_to":"","_links_to_target":""},"class_list":["post-242","page","type-page","status-publish","hentry"],"_links":{"self":[{"href":"https:\/\/marsuyhdistys.net\/home\/wp-json\/wp\/v2\/pages\/242","targetHints":{"allow":["GET"]}}],"collection":[{"href":"https:\/\/marsuyhdistys.net\/home\/wp-json\/wp\/v2\/pages"}],"about":[{"href":"https:\/\/marsuyhdistys.net\/home\/wp-json\/wp\/v2\/types\/page"}],"author":[{"embeddable":true,"href":"https:\/\/marsuyhdistys.net\/home\/wp-json\/wp\/v2\/users\/10"}],"replies":[{"embeddable":true,"href":"https:\/\/marsuyhdistys.net\/home\/wp-json\/wp\/v2\/comments?post=242"}],"version-history":[{"count":75,"href":"https:\/\/marsuyhdistys.net\/home\/wp-json\/wp\/v2\/pages\/242\/revisions"}],"predecessor-version":[{"id":12745,"href":"https:\/\/marsuyhdistys.net\/home\/wp-json\/wp\/v2\/pages\/242\/revisions\/12745"}],"up":[{"embeddable":true,"href":"https:\/\/marsuyhdistys.net\/home\/wp-json\/wp\/v2\/pages\/51"}],"wp:attachment":[{"href":"https:\/\/marsuyhdistys.net\/home\/wp-json\/wp\/v2\/media?parent=242"}],"curies":[{"name":"wp","href":"https:\/\/api.w.org\/{rel}","templated":true}]}}