{"id":3535,"date":"2014-12-14T10:51:26","date_gmt":"2014-12-14T08:51:26","guid":{"rendered":"http:\/\/marsuyhdistys.net\/home\/?page_id=3535"},"modified":"2014-12-14T10:51:26","modified_gmt":"2014-12-14T08:51:26","slug":"vuoden-voittajat-2004","status":"publish","type":"page","link":"https:\/\/marsuyhdistys.net\/home\/vuoden-voittajat-2004\/","title":{"rendered":"Vuoden Voittajat 2004"},"content":{"rendered":"<p><strong>Vuoden voittaja:<\/strong><br \/>\n<strong>1. Goldhill\u00b4s Atchafalaya Bay om. Tommi L\u00e5ngstr\u00f6m 168p.<\/strong><br \/>\n2. Mira\u00b4s Alibaba om. Heli Kuoppam\u00e4ki 156p.<br \/>\n3. Tirlittanin Gentleman om. H. Hakulinen &amp; A. Kariluoto 139p.<br \/>\n4. Aniara\u00b4s Kelpo Komistus om. Marjo Aro 136p.<br \/>\n5. Goldhill\u00b4s Perfect My Nature om. M. Aatela &amp; R. Ristim\u00e4ki 128p.<br \/>\n6. Nikean K\u00e4nkk\u00e4r\u00e4nkk\u00e4 om. Hanna Lahtinen 124p.<br \/>\n7. Goldhill\u00b4s Totally Perfect om. M. Aatela &amp; R. Ristim\u00e4ki 122p.<br \/>\n8. Tikkitakin Tammen Contender om. I. Merjankari &amp; M. Forsblom 114p.<br \/>\n9. Tirlittanin Halloween om. H. Hakulinen &amp; A. Kariluoto 114p.<br \/>\n10. Myway Itty Bitty om. Minna Lintonen 104p.<\/p>\n<p><strong>Vuoden kasvattaja:<\/strong><br \/>\n<strong>1. Mira\u00b4s, Heli Kuoppam\u00e4ki 870 p.<\/strong><br \/>\n2. Goldhill\u00b4s, Minna Aatela &amp; Raisa Ristim\u00e4ki 837p.<br \/>\n3. Nikean, Hanna Lahtinen 651p.<br \/>\n4. Aniara\u00b4s, Katja Kivipuro 598p.<br \/>\n5. Tikkitakin, Iina Merjankari &amp; Maria Forsblom 584p.<br \/>\n6. Tirlittanin, Helena Hakulinen &amp; Arja Kariluoto 494p.<br \/>\n7. Myway, Minna Lintonen 295p.<br \/>\n8. Saarelman, Tommi L\u00e5ngstr\u00f6m 256p.<br \/>\n9. Mimosan, Kirsi Kj\u00e4ll 108p.<br \/>\n10. Delfoin, Kirsi Ruotsalainen &amp; Johanna Niiranen 94p.<br \/>\n11. Mission\u00b4s, Anneli Klingberg 86p.<br \/>\n12. Picanto\u00b4s, Mikko Korhonen 64p.<br \/>\nMuskotin, Janiika Toivoniemi 64p.<br \/>\nAnemone\u00b4s, Katriina Hautala 64p.<br \/>\n13. Cakhaya\u00b4s, Carita Korhonen 60p.<br \/>\n14. Andien, Anneli Ceder 38p.<\/p>\n<p><strong>Vuoden Jalostusel\u00e4in:<\/strong><br \/>\n<strong>1. Myway Home Made American At Aniara\u00b4s om. Minna Lintonen 3p.<\/strong><\/p>\n<p><strong>Paras pet:<\/strong><br \/>\n<strong>1. Miss Piggy om. Nelli Kaulio 55p.<\/strong><br \/>\n2. Commondore 64 om. Nelli Kaulio 42p.<br \/>\n3. Emma om. Elisa Svento 35p.<br \/>\n4. Cakhaya\u00b4s Keaton om. Anu Paso 30p.<br \/>\n5. Juuso om. Anna Lindberg 23p.<br \/>\n6. Miisa om. Elisa Svento 21p.<br \/>\n7. Viki om. Annukka Holmroos 20p.<br \/>\n8. Cracker\u00b4s Liza om. Jenni Peltokorpi 18p.<br \/>\nTikkitakin Gibson om. Tinja Lesonen 18p.<br \/>\n10. Kirsikka om. Jenni Peltokorpi 17p.<\/p>\n","protected":false},"excerpt":{"rendered":"<p>Vuoden voittaja: 1. Goldhill\u00b4s Atchafalaya Bay om. Tommi L\u00e5ngstr\u00f6m 168p. 2. Mira\u00b4s Alibaba om. Heli Kuoppam\u00e4ki 156p. 3. Tirlittanin Gentleman om. H. Hakulinen &amp; A. Kariluoto 139p. 4. Aniara\u00b4s Kelpo Komistus om. Marjo Aro 136p. 5. Goldhill\u00b4s Perfect My Nature &hellip; <a href=\"https:\/\/marsuyhdistys.net\/home\/vuoden-voittajat-2004\/\">Lue loppuun <span class=\"meta-nav\">&rarr;<\/span><\/a><\/p>\n","protected":false},"author":10,"featured_media":0,"parent":0,"menu_order":0,"comment_status":"closed","ping_status":"open","template":"","meta":{"footnotes":"","_links_to":"","_links_to_target":""},"class_list":["post-3535","page","type-page","status-publish","hentry"],"_links":{"self":[{"href":"https:\/\/marsuyhdistys.net\/home\/wp-json\/wp\/v2\/pages\/3535","targetHints":{"allow":["GET"]}}],"collection":[{"href":"https:\/\/marsuyhdistys.net\/home\/wp-json\/wp\/v2\/pages"}],"about":[{"href":"https:\/\/marsuyhdistys.net\/home\/wp-json\/wp\/v2\/types\/page"}],"author":[{"embeddable":true,"href":"https:\/\/marsuyhdistys.net\/home\/wp-json\/wp\/v2\/users\/10"}],"replies":[{"embeddable":true,"href":"https:\/\/marsuyhdistys.net\/home\/wp-json\/wp\/v2\/comments?post=3535"}],"version-history":[{"count":1,"href":"https:\/\/marsuyhdistys.net\/home\/wp-json\/wp\/v2\/pages\/3535\/revisions"}],"predecessor-version":[{"id":3536,"href":"https:\/\/marsuyhdistys.net\/home\/wp-json\/wp\/v2\/pages\/3535\/revisions\/3536"}],"wp:attachment":[{"href":"https:\/\/marsuyhdistys.net\/home\/wp-json\/wp\/v2\/media?parent=3535"}],"curies":[{"name":"wp","href":"https:\/\/api.w.org\/{rel}","templated":true}]}}