{"id":427,"date":"2012-11-03T14:03:19","date_gmt":"2012-11-03T12:03:19","guid":{"rendered":"http:\/\/marsuyhdistys.net\/home\/?page_id=427"},"modified":"2023-03-25T10:36:09","modified_gmt":"2023-03-25T08:36:09","slug":"427-2","status":"publish","type":"page","link":"https:\/\/marsuyhdistys.net\/home\/yhdistys\/saannot\/427-2\/","title":{"rendered":"Kasvattajanimis\u00e4\u00e4nn\u00f6t"},"content":{"rendered":"<p>Voimassa 1.1.2023 alkaen<\/p>\n<p><a href=\"http:\/\/marsuyhdistys.net\/home\/wp-content\/uploads\/2012\/08\/SMYN.kasvattajanimihakemus.odt\">SMY:n kasvattajanimihakemus<\/a><\/p>\n<p>YLEIST\u00c4\n<\/p>\n<p class=\"has-medium-font-size\"><strong>KASVATTAJANIMIS\u00c4\u00c4NN\u00d6T<\/strong><\/p>\n<p>Kasvattajanimi on Suomen Marsuyhdistys ry:n (SMY) hallituksen my\u00f6nt\u00e4m\u00e4<br \/>\nnimi, joka liitet\u00e4\u00e4n kasvattajanimen haltijan hyv\u00e4ksyttyjenrotujen kaikkien<br \/>\nkasvattien nimien yhteyteen. Kasvattajanimi voidaan ottaa takautuvasti<br \/>\nk\u00e4ytt\u00f6\u00f6n kasvattajanimen haltijan hyv\u00e4ksyttyjen rotujen kaikilla kasvateilla.<br \/>\nMy\u00f6nnetyll\u00e4 nimell\u00e4 on ikuinen suoja-aika. T\u00e4ll\u00e4 tarkoitetaan sit\u00e4, ettei<br \/>\nkasvattaja voi saada samaa kasvattajanime\u00e4, mik\u00e4 on my\u00f6nnetty jo jollekulle<br \/>\nmuulle. SMY yll\u00e4pit\u00e4\u00e4 hyv\u00e4ksyttyjen ja suojattujen kasvattajanimien listaa,<br \/>\nmik\u00e4 julkaistaan SMY:n kotisivuilla. Toisen kasvattajanimen k\u00e4ytt\u00f6 on<br \/>\nkielletty. Kasvattaja on henkil\u00f6, joka omistaa naaraan tai on tehnyt<br \/>\nastutus-sopimuksen naaraan omistajan kanssa. Kasvattajalla voi olla\n<\/p>\n<p>samanaikaisesti vain yksi kasvattajanimi. Se voidaan my\u00f6nt\u00e4\u00e4 my\u00f6s kahdelle<br \/>\nhenkil\u00f6lle yhdess\u00e4. T\u00e4ll\u00f6in heid\u00e4t merkit\u00e4\u00e4n aina yhdess\u00e4 poikueen<br \/>\nkasvattajiksi.\n<\/p>\n<p>VAATIMUKSET\n<\/p>\n<p>Hakijalla t\u00e4ytyy olla nuhteeton tausta eli h\u00e4nell\u00e4 ei saa olla<br \/>\nel\u00e4intenpitokieltoa, tuomioita el\u00e4insuojelurikkeist\u00e4 tai<br \/>\nel\u00e4insuojelurikoksista. Suomessa asuva kasvattaja voi k\u00e4ytt\u00e4\u00e4 SMY:n sek\u00e4<br \/>\nsen hyv\u00e4ksymiss\u00e4 n\u00e4yttelyiss\u00e4 ja rekister\u00f6inneiss\u00e4 vain SMY:n hyv\u00e4ksym\u00e4\u00e4<br \/>\nkasvattajanime\u00e4. Muut kasvattajanimeen viittaavat nimet ovat kiellettyj\u00e4.\n<\/p>\n<p>Kasvattajanimen hakijan tulee olla 18 vuotta t\u00e4ytt\u00e4nyt. Nuoremmalle<br \/>\nhenkil\u00f6lle voidaan kasvattajanimi my\u00f6nt\u00e4\u00e4, jos SMY:n hallitus niin p\u00e4\u00e4tt\u00e4\u00e4.<br \/>\nIk\u00e4raja koskee kumpaakin henkil\u00f6\u00e4, jos nimi tulee kahden henkil\u00f6n yhteiseksi.<br \/>\nKasvattajakatselmointiin voi osallistua 17 vuotta t\u00e4ytt\u00e4nyt hakija.\n<\/p>\n<p>Hakijan t\u00e4ytyy olla SMY:n j\u00e4sen v\u00e4hint\u00e4\u00e4n yhden (1) kalenterivuoden ennen<br \/>\nkasvattajanimen hakemista. (vuosi 365vrk) Mik\u00e4li kaksi henkil\u00f6\u00e4 yhdess\u00e4<br \/>\nanoo kasvattajanime\u00e4, koskee edell\u00e4 mainittu vaatimus j\u00e4senyydest\u00e4 heit\u00e4<br \/>\nkumpaakin. J\u00e4senmaksuja ei saa maksaa takautuvasti. Hakijan tulee ennen<br \/>\nkasvattajanimen anomista maksaa SMY:n tilille ns. hakemusmaksu. Maksua\n<\/p>\n<p>ei palauteta, mik\u00e4li anomus hyl\u00e4t\u00e4\u00e4n. Maksu on kasvattajanimikohtainen<br \/>\nriippumatta kasvattajien m\u00e4\u00e4r\u00e4st\u00e4.\n<\/p>\n<p>Kasvattajanimess\u00e4 ei saa olla tunnistettavasti mink\u00e4\u00e4n maan, l\u00e4\u00e4nin,<br \/>\nkunnan, kaupungin tai kyl\u00e4n nimi\u00e4, taivutettuinakaan, rotum\u00e4\u00e4ritelm\u00e4ss\u00e4<br \/>\nesiintyv\u00e4n lajin, rodun, tai v\u00e4rin nimi\u00e4. Nimess\u00e4 ei saa my\u00f6sk\u00e4\u00e4n olla kahta<br \/>\nsanaa enemp\u00e4\u00e4; v\u00e4liviivalla yhdistetyt yhdyssanat katsotaan eri sanoiksi.<br \/>\nKasvattajanimen tulee olla selv\u00e4sti erottuva aiemmin my\u00f6nnetyist\u00e4 nimist\u00e4,<br \/>\neik\u00e4 se saa olla vastoin hyvi\u00e4 tapoja. Nime\u00e4 ei saa julkisesti k\u00e4ytt\u00e4\u00e4 ennen<br \/>\nkasvattajanimik\u00e4sittelij\u00e4n hyv\u00e4ksynt\u00e4\u00e4 tai k\u00e4sittelij\u00e4 voi hyl\u00e4t\u00e4 nimen.\n<\/p>\n<p>KASVATTAJANIMEN ANOMINEN\n<\/p>\n<p>Kasvattajanimi anotaan SMY:n virallisella anomuskaavakkeella, joka<br \/>\ntoimitetaan SMY:n kasvattajanimik\u00e4sittelij\u00e4lle. Kasvattajanimik\u00e4sittelij\u00e4<br \/>\nilmoittaa hakemuksen saapumisesta SMY:n hallitukselle ja tarkistaa, ettei<br \/>\nnimi ole suojattu. Hallitus selvitt\u00e4\u00e4 omalta osaltaan, ettei kasvattajanimen<br \/>\nmy\u00f6nt\u00e4miselle ole estett\u00e4.\n<\/p>\n<p>Jalostusel\u00e4inlistaan merkit\u00e4\u00e4n tiedot jalostusel\u00e4imist\u00e4. Marsuja t\u00e4ytyy olla<br \/>\nv\u00e4hint\u00e4\u00e4n 3, ja niiden rotujen, v\u00e4rien tai muunnosten tulee sopia samojen<br \/>\nhaettavien rotujen jalostukseen. Kaikkien n\u00e4iden tulee olla rekister\u00f6ityj\u00e4\n<\/p>\n<p>Suomen Marsuyhdistykseen. Jalostusel\u00e4inlistassa tulee olla naaraita ja<br \/>\nuroksia. Kasvattajanime\u00e4 voi anoa standardissa ja koestandardissa oleville<br \/>\nroduille. Anomukseen on liitett\u00e4v\u00e4 mukaan kopiot kaikkien niiden marsujen<br \/>\nsukutauluista, jotka eiv\u00e4t ole SMY:n rekisteriss\u00e4. Kasvattajanimianomuksen<br \/>\nliitteeksi on teht\u00e4v\u00e4 selke\u00e4 ja kattava jalostussuunnitelma, josta tulee selvit\u00e4<br \/>\nkasvatuksen tavoitteet ja kasvatusperiaatteet. P\u00e4\u00e4paino on jalostuksellisissa<br \/>\nasioissa. Kaikista eri roduista on teht\u00e4v\u00e4 oma suunnitelmansa<br \/>\nkasvattajanime\u00e4 anottaessa.\n<\/p>\n<p>KASVATTAJAKATSELMOINTI\n<\/p>\n<p>Kasvattajakatselmointi koskee uusia kasvattajanimianomuksia. Ennen<br \/>\nkasvattajanimen anomista kasvattajan tulee henkil\u00f6kohtaisesti itse esitt\u00e4\u00e4<br \/>\nyksi katselmoitava ryhm\u00e4. Ryhm\u00e4 koostuu kahdesta-nelj\u00e4st\u00e4<br \/>\nyhteensopivasta rodusta, v\u00e4rist\u00e4 tai kuviosta olevasta marsusta, jotka eiv\u00e4t<br \/>\nsaa olla samasta poikueesta. N\u00e4iden nelj\u00e4n el\u00e4imen tulee olla v\u00e4hint\u00e4\u00e4n<br \/>\nkahdesta eri poikueesta. Pitk\u00e4karvaisten marsujen kohdalla suositellaan<br \/>\nensisijaisesti leikkaamatonta turkkia mutta my\u00f6s leikattu hyv\u00e4ksyt\u00e4\u00e4n.<br \/>\nEl\u00e4inten ei tarvitse olla kasvattajan omistuksessa. Osallistuvien marsujen<br \/>\ni\u00e4n tulee olla v\u00e4hint\u00e4\u00e4n kaksi kuukautta ja niiden tulee olla n\u00e4yttelykuntoisia<br \/>\nja rekister\u00f6ity Suomen Marsuyhdistykseen.\n<\/p>\n<p>ILMOITTAUTUMINEN KASVATTAJAKATSELMOINTIIN\n<\/p>\n<p>Kasvattajakatselmoinnin voi suorittaa n\u00e4yttelyss\u00e4 tai tuomarin kanssa<br \/>\nerikseen sovitussa paikassa. Ilmoittautuminen tulee tehd\u00e4 viimeist\u00e4\u00e4n<br \/>\nviimeisen\u00e4 ilmoittautumisp\u00e4iv\u00e4n\u00e4 kunkin n\u00e4yttelyn vastaanottajalle<br \/>\nnormaalin n\u00e4yttelyilmoittautumisen tapaan. Mik\u00e4li kasvattajakatselmointi<br \/>\nj\u00e4rjestet\u00e4\u00e4n erikseen, siit\u00e4 tulee ilmoittaa v\u00e4hint\u00e4\u00e4n kaksi viikkoa aiemmin<br \/>\nhallitukselle ja kasvattajanimik\u00e4sittelij\u00e4lle.\n<\/p>\n<p>Katselmointia ilmoitettaessa katselmoitavista el\u00e4imist\u00e4 annetaan seuraavat<br \/>\ntiedot: nimi, rekisterinumero, sukupuoli, v\u00e4ri, rotu, vanhemmat, kasvattaja,<br \/>\nomistaja. Kasvattajakatselmointi on maksuton. Marsut voivat osallistua<br \/>\nsamana p\u00e4iv\u00e4n\u00e4 pidett\u00e4v\u00e4\u00e4n n\u00e4yttelyyn normaalisti.\n<\/p>\n<p>Kasvattajakatselmointiin osallistuvan on tulostettava katselmointikaavake<br \/>\nSMY:n kotisivuilta ja esit\u00e4ytett\u00e4v\u00e4 marsujen tiedot kaavakkeeseen.<br \/>\nKasvattaja saa katselmoitavasta ryhm\u00e4st\u00e4 laatuarvostelun: 1= Erinomainen,<br \/>\n2= Hyv\u00e4, 3= V\u00e4ltt\u00e4v\u00e4, Hyl\u00e4tty. Tuomari voi lis\u00e4ksi muutamalla sanalla<br \/>\nmainita ryhm\u00e4n laadusta, sek\u00e4 siit\u00e4 mit\u00e4 ominaisuuksia niiss\u00e4 tulisi<br \/>\nparantaa. Katselmoitavilla marsuilla ei saa olla hylk\u00e4\u00e4vi\u00e4 virheit\u00e4.\n<\/p>\n<p>Katselmoitava ryhm\u00e4 on esitett\u00e4v\u00e4 kotimaiselle tuomarille. Mik\u00e4li n\u00e4yttelyss\u00e4 arvostelee ulkomainen tuomari, katselmoiva tuomari ilmoitetaan etuk\u00e4teen tai arvotaan paikalla olevien kotimaisten tuomareiden kesken. Mik\u00e4li kotimaiset tuomarit ovat estyneit\u00e4 suorittamasta kasvattajakatselmointia, voidaan poikkeustapauksessa anoa katselmointilupaa hallitukselta ulkomaalaiselle tuomarille. <\/p>\n<p>Hyl\u00e4tty\u00e4 el\u00e4int\u00e4 ei saa esitt\u00e4\u00e4 uudelleen. Hakija t\u00e4ytt\u00e4\u00e4 kasvattajanimianomuksen ja liitt\u00e4\u00e4<br \/>\nanomukseen yhden hyv\u00e4ksytyn katselmointikaavakkeen samasta v\u00e4rist\u00e4,<br \/>\nrodusta tai kuviosta.\n<\/p>\n<p>Hakija maksaa kasvattajanimenk\u00e4sittelymaksun ja liitt\u00e4\u00e4 kuitin anomuksen<br \/>\nmukaan. Anomus toimitetaan SMY:n kasvattajanimik\u00e4sittelij\u00e4lle.<br \/>\nKasvattajanimien k\u00e4sittelij\u00e4 s\u00e4ilytt\u00e4\u00e4 keskener\u00e4isen tai puutteellisen<br \/>\nhakemuksen kuusi kuukautta arkistossa ja poistetaan k\u00e4sittelyst\u00e4, mik\u00e4li<br \/>\nkasvattajanimen anoja ei t\u00e4ydenn\u00e4 tietoja t\u00e4n\u00e4 aikana.<br \/>\nKasvattajanimik\u00e4sittelij\u00e4 ilmoittaa poistosta anojalle kirjallisesti. Mik\u00e4li<br \/>\nkasvattajanimen anoja haluaa uudelleen anoa kasvattajanime\u00e4,<br \/>\nkasvattajanimik\u00e4sittelymaksu tulee maksaa uudelleen. SMY:n<br \/>\nkasvattajanimik\u00e4sittelij\u00e4 ilmoittaa kasvattajanimen my\u00f6nt\u00e4misest\u00e4 hakijalle.<br \/>\nKasvattajanimet julkaistaan SMY:n nettisivuilla ja Marsu Magazinessa.\n<\/p>\n<p>ROTUJEN LIS\u00c4\u00c4MINEN KASVATTAJANIMEN ALLE\n<\/p>\n<p>Kasvattajanimellinen kasvattaja voi lis\u00e4t\u00e4 rotuja, v\u00e4rej\u00e4 tai kuvioita<br \/>\nkasvattajalistalle kasvattajanimik\u00e4sittelij\u00e4lle ilmoittamalla.\n<\/p>\n<p>KASVATTAJANIMEN YLL\u00c4PITO\n<\/p>\n<p>Vuosittain vaaditaan: SMY:n j\u00e4senyys on oltava voimassa ja j\u00e4senmaksu<br \/>\ntulee olla maksettuna tammikuun loppuun menness\u00e4. SMY:n hyv\u00e4ksym\u00e4<br \/>\nvirallinen kasvattaja sitoutuu noudattamaan Suomen<br \/>\nel\u00e4insuojelus\u00e4\u00e4nn\u00f6ksi\u00e4 ja yhdistyksen antamia ohjeita. Yhdistys ohjeistaa<br \/>\nkasvattajaa seuraavasti:\n<\/p>\n<p>Marsun saa luovuttaa aikaisintaan 5 viikon ik\u00e4isen\u00e4, sek\u00e4 <em>suositellaan<\/em>, ett\u00e4<br \/>\nluovutettavan poikasen paino on 300g. Jos kasvattajalla on marsun suku<br \/>\ntiedossa, <em>suositellaan <\/em>vahvasti, ett\u00e4 kasvattaja luovuttaa my\u00f6s marsun<br \/>\nsukutaulun. Kasvattaja ei saa myyd\u00e4 tai luovuttaa sairasta, toipilasta tai<br \/>\nmahdollisesti tiinett\u00e4 marsua kertomatta t\u00e4st\u00e4 taholle, jolle marsu<br \/>\nluovutetaan.\n<\/p>\n<p>Mik\u00e4li kasvattaja tuomitaan el\u00e4insuojelurikkomuksesta tai<br \/>\nel\u00e4insuojelurikoksesta, h\u00e4nelt\u00e4 poistetaan kasvattajanimi ja h\u00e4net voidaan<br \/>\nerottaa yhdistyksest\u00e4. Mik\u00e4li kasvattaja rikkoo kasvattajas\u00e4\u00e4nt\u00f6j\u00e4, voi<br \/>\nhallitus antaa kasvattajalle huomautuksen tai varoituksen. Jos kasvattaja saa<br \/>\nuseita huomautuksia, varoituksia tai h\u00e4nen katsotaan k\u00e4ytt\u00e4ytyneen<br \/>\ntoistuvasti SMY:n hengen ja ohjeiden vastaisesti tai huonontaneen SMY:n<br \/>\nmainetta, hallitus voi ev\u00e4t\u00e4 kasvattajanimen joko m\u00e4\u00e4r\u00e4ajaksi tai pysyv\u00e4sti<br \/>\ntai erottaa kasvattajan yhdistyksest\u00e4.\n<\/p>\n<p>MUUTA\n<\/p>\n<p>Kasvattajalistassa julkaistaan aina v\u00e4hint\u00e4\u00e4n etu- ja sukunimi. Muutoin<br \/>\nnoudatetaan mit\u00e4 tietosuojalaissa suositellaan. Kasvattajanimilistalle tulevat<br \/>\nmuutokset tehd\u00e4\u00e4n SMY:n kasvattajanimik\u00e4sittelij\u00e4lle. H\u00e4n ilmoittaa<br \/>\nmuutoksista tarvittaville toimihenkil\u00f6ille ja SMY:n hallitukselle.\n<\/p>\n<p>KASVATUKSEN LOPETTAMINEN\n<\/p>\n<p>Kasvatuksen loputtua kasvattajan tulee tehd\u00e4 vapaamuotoinen ilmoitus<br \/>\nasiasta Suomen Marsuyhdistys ry:n kasvattajanimik\u00e4sittelij\u00e4lle.\n<\/p>\n<p>MAHDOLLISET MUUTOKSET\n<\/p>\n<p>Kasvattajanime\u00e4 voi vaihtaa vain kerran, p\u00e4tevist\u00e4 syist\u00e4. Ilman syyt\u00e4 tullut<br \/>\nanomus hyl\u00e4t\u00e4\u00e4n. Anomus kasvattajanimen vaihtamisesta on toimitettava<br \/>\nkirjallisena Suomen Marsuyhdistys ry:n kasvattajanimik\u00e4sittelij\u00e4lle.\n<\/p>\n<p>Jos kasvattaja haluaa yhteisen kasvattajanimen toisen henkil\u00f6n kanssa, t\u00e4t\u00e4<br \/>\ntapausta koskevat my\u00f6s em. s\u00e4\u00e4nn\u00f6t. Uuden hakijan t\u00e4ytyy olla SMY:n j\u00e4sen<br \/>\nv\u00e4hint\u00e4\u00e4n hakemista edelt\u00e4v\u00e4n koko kalenterivuoden ja haku\n<\/p>\n<p>kalenterivuoden. Hakemukseen tulee my\u00f6s liitt\u00e4\u00e4 kasvattajanimen haltijan<br \/>\nkirjallinen suostumus uuden henkil\u00f6n liitt\u00e4misest\u00e4 kasvattajanimen alle.\n<\/p>\n<p>SERTIFIOITU KASVATTAJA\n<\/p>\n<p>Sertifioitu kasvattaja -arvonime\u00e4 voi hakea kirjallisella hakemuksella<br \/>\ntoimittamalla hallitukselle vahvistuksen Aluehallintovirastoon (AVI)<br \/>\ntehdyst\u00e4 ammattimaisen ja laajamittaisen el\u00e4intenpidon ilmoituksesta.<br \/>\nLis\u00e4ksi hallitukselle toimitetaan todistus hyv\u00e4ksytyst\u00e4<br \/>\nvalvontael\u00e4inl\u00e4\u00e4k\u00e4rin\/valvontaa tekev\u00e4n el\u00e4inl\u00e4\u00e4k\u00e4rin<br \/>\nk\u00e4ynnist\u00e4\/tarkastuksesta. Jos AVI katsoo, ettei<br \/>\nvalvontael\u00e4inl\u00e4\u00e4k\u00e4rin\/valvontaa tekev\u00e4n el\u00e4inl\u00e4\u00e4k\u00e4rin k\u00e4ynnille ole<br \/>\nperusteita, hallitukselle tulee toimittaa vapaamuotoinen kirjallinen<br \/>\nviranomaisen ilmoitus asiasta.<\/p>\n","protected":false},"excerpt":{"rendered":"<p>Voimassa 1.1.2023 alkaen SMY:n kasvattajanimihakemus YLEIST\u00c4 KASVATTAJANIMIS\u00c4\u00c4NN\u00d6T Kasvattajanimi on Suomen Marsuyhdistys ry:n (SMY) hallituksen my\u00f6nt\u00e4m\u00e4 nimi, joka liitet\u00e4\u00e4n kasvattajanimen haltijan hyv\u00e4ksyttyjenrotujen kaikkien kasvattien nimien yhteyteen. Kasvattajanimi voidaan ottaa takautuvasti k\u00e4ytt\u00f6\u00f6n kasvattajanimen haltijan hyv\u00e4ksyttyjen rotujen kaikilla kasvateilla. My\u00f6nnetyll\u00e4 nimell\u00e4 on ikuinen &hellip; <a href=\"https:\/\/marsuyhdistys.net\/home\/yhdistys\/saannot\/427-2\/\">Lue loppuun <span class=\"meta-nav\">&rarr;<\/span><\/a><\/p>\n","protected":false},"author":10,"featured_media":0,"parent":25,"menu_order":30,"comment_status":"closed","ping_status":"closed","template":"","meta":{"footnotes":"","_links_to":"","_links_to_target":""},"class_list":["post-427","page","type-page","status-publish","hentry"],"_links":{"self":[{"href":"https:\/\/marsuyhdistys.net\/home\/wp-json\/wp\/v2\/pages\/427","targetHints":{"allow":["GET"]}}],"collection":[{"href":"https:\/\/marsuyhdistys.net\/home\/wp-json\/wp\/v2\/pages"}],"about":[{"href":"https:\/\/marsuyhdistys.net\/home\/wp-json\/wp\/v2\/types\/page"}],"author":[{"embeddable":true,"href":"https:\/\/marsuyhdistys.net\/home\/wp-json\/wp\/v2\/users\/10"}],"replies":[{"embeddable":true,"href":"https:\/\/marsuyhdistys.net\/home\/wp-json\/wp\/v2\/comments?post=427"}],"version-history":[{"count":28,"href":"https:\/\/marsuyhdistys.net\/home\/wp-json\/wp\/v2\/pages\/427\/revisions"}],"predecessor-version":[{"id":10815,"href":"https:\/\/marsuyhdistys.net\/home\/wp-json\/wp\/v2\/pages\/427\/revisions\/10815"}],"up":[{"embeddable":true,"href":"https:\/\/marsuyhdistys.net\/home\/wp-json\/wp\/v2\/pages\/25"}],"wp:attachment":[{"href":"https:\/\/marsuyhdistys.net\/home\/wp-json\/wp\/v2\/media?parent=427"}],"curies":[{"name":"wp","href":"https:\/\/api.w.org\/{rel}","templated":true}]}}