{"id":7810,"date":"2021-04-11T19:37:59","date_gmt":"2021-04-11T17:37:59","guid":{"rendered":"http:\/\/marsuyhdistys.net\/home\/?page_id=7810"},"modified":"2021-04-11T19:41:33","modified_gmt":"2021-04-11T17:41:33","slug":"ohjeita-jalostussuunnitelmaan","status":"publish","type":"page","link":"https:\/\/marsuyhdistys.net\/home\/ohjeita-jalostussuunnitelmaan\/","title":{"rendered":"Ohjeita jalostussuunnitelmaan"},"content":{"rendered":"<p>Millainen on hyv\u00e4 jalostussuunnitelma kasvattajanimihakemukseen?<\/p>\n<p>Alhaalla on ote marsuyhdistyksen kasvattajanimis\u00e4\u00e4nn\u00f6ist\u00e4:<\/p>\n<p><em>\u201dKasvattajanimianomuksen liitteeksi on teht\u00e4v\u00e4 selke\u00e4 ja kattava jalostussuunnitelma, josta tulee selvit\u00e4 kasvatuksen tavoitteet ja kasvatusperiaatteet. P\u00e4\u00e4paino on jalostuksellisissa asioissa (perusasiat on toki hyv\u00e4 mainita, mutta sen suurempia selityksi\u00e4 esim. terveist\u00e4 poikasista tai rotum\u00e4\u00e4ritelm\u00e4n toistosta ei tarvita). Vapaamuotoisessa jalostussuunnitelmassa tulee pohtia mm. seuraavanlaisia asioita: Miten ja millaista tulosta saadaan ilmoitetulla jalostusel\u00e4injoukolla? Miten s\u00e4ilytet\u00e4\u00e4n tulevaisuudessa ko. marsujen hyv\u00e4t ominaisuudet ja miten ei-toivotuista p\u00e4\u00e4st\u00e4\u00e4n eroon? Mit\u00e4 oikeasti siit\u00e4 populaatiosta saa irti (1. sukupolven pohtiminen ei riit\u00e4) eli suunnitellut yhdistelm\u00e4t ja j\u00e4lkel\u00e4ispohdinta? Mik\u00e4 on anojan motiivi ryhty\u00e4 jalostajaksi? Tarkoituksena on, ett\u00e4 anoja miettii tarkkaan jalostusel\u00e4inten sopivuutta jalostukseen. Suotavaa olisi, ett\u00e4 anoja pystyisi mahdollisimman tarkkaan hahmottamaan ainakin ensimm\u00e4isen jalostusvuoden k\u00e4ytett\u00e4viss\u00e4 olevat mahdollisuudet ja tulokset. Taustalla on ajatus siit\u00e4, ett\u00e4 anojalla on jo jotain kokemusta marsun kasvatuksesta, nyt siihen vain lis\u00e4t\u00e4\u00e4n jalostukselliset n\u00e4k\u00f6kohdat. Jalostussuunnitelma on hyvin harvoin anomuksen hylk\u00e4\u00e4v\u00e4 tekij\u00e4. Jos anomus on puutteellinen, siit\u00e4 huomautetaan ja pyydet\u00e4\u00e4n lis\u00e4selvityksi\u00e4. T\u00e4rkeint\u00e4 on, ett\u00e4 anoja osoittaa kunnolla miettineens\u00e4 asioita ja ottavansa marsujalostuksen vakavasti ja vastuuntuntoisesti.<br \/>  Kaikista eri muunnoksista on teht\u00e4v\u00e4 oma suunnitelmansa kasvattajanime\u00e4 anottaessa.\u201d<\/em><\/p>\n<p>Jutun tarkoitus on tarkentaa ja helpottaa hakijaa ymm\u00e4rt\u00e4m\u00e4\u00e4n yll\u00e4 olevia ohjeita. Alkava kasvattaja voi tuntea jalostussuunnitelman vaikeaksi kirjoittaa, mutta todellisuudessa sen suunnittelu tekee hyv\u00e4\u00e4 niin aloittelevalle kuin pidemp\u00e4\u00e4n kasvattaneelle. On  t\u00e4rke\u00e4\u00e4, ett\u00e4 marsuyhdistyksell\u00e4 on kriteerej\u00e4 kasvattajaksi hakeville, jotta voimme taata, ett\u00e4 marsuharrastusta vied\u00e4\u00e4n eteenp\u00e4in. Ty\u00f6 nimen saannissa est\u00e4\u00e4 sen, ett\u00e4 hetken mielijohteesta kasvatuksesta kiinnostunut ei saa nime\u00e4  perehtym\u00e4tt\u00e4 ja yht\u00e4 lailla hylk\u00e4\u00e4 sit\u00e4. Marsujen kasvatus vaatii vastuuta ja paneutumista rotuihin.<\/p>\n<ul class=\"wp-block-list\">\n<li>Kirjoita miksi haluat kasvattaa marsuja ja mitk\u00e4 ovat motiivisi ja tavoitteesi kasvatuksessa. Voit my\u00f6s pohtia sit\u00e4 mit\u00e4 sinulla on annettavaa kasvattajana ja mitk\u00e4 asiat sinulle on t\u00e4rkeit\u00e4 kasvattajana.<\/li>\n<li>Kasvattajanimi haetaan rotukohtaisesti. Kerro mit\u00e4 asioita pid\u00e4t t\u00e4rke\u00e4n\u00e4 kasvatuksessa rotusi osalta ja millaisia marsuja haluat kasvattaa.<\/li>\n<li>Kerro 2-3 kasvatuksessasi jo synty-neest\u00e4 poikueesta. Mit\u00e4 odotit poikueelta ja millaisia poikasia syntyi. Mit\u00e4 opit poikueista? Jos sinulla on takana use-ampia poikueita, voit kertoa esimerkin poikueesta mist\u00e4 syntyi jotain jota et osannut odottaa ja jostain jossa koit onnistuneesi.<\/li>\n<li>Listaa kaikki jalostusel\u00e4imesi ja niiden hyv\u00e4t ja huonot ominaisuudet realistisesti.<\/li>\n<\/ul>\n<p>Esimerkki:<\/p>\n<p>Matti-marsu, self cream<br \/>+Kaunis v\u00e4ri<br \/>+hyv\u00e4 ruumiinmuoto<br \/>+kaunis p\u00e4\u00e4<br \/>-vaalea pohjav\u00e4ri<br \/>-ruttuiset hieman pienet korvat<br \/>-periytt\u00e4\u00e4 korvataitetta<\/p>\n<ul class=\"wp-block-list\">\n<li>Kerro mit\u00e4 yhdistelmi\u00e4 (esimerkiksi 2-3 yhdistelm\u00e4\u00e4) aiot teett\u00e4\u00e4 tulevaisuudessa. Kohdassa 4 olevat vanhempien listatut ominaisuudet helpottavat hahmottamaan millaisia poikasia odotat poikueesta syntyv\u00e4ksi. Miksi yhdist\u00e4t t\u00e4m\u00e4 parin ja mit\u00e4 voit saavuttaa t\u00e4ll\u00e4 yhdistelm\u00e4ll\u00e4.<\/li>\n<li>Mieti pidemm\u00e4lle kuin yksi sukupolvi eteenp\u00e4in. Onko sinulla jo suunnitelmis-sa keneen yhdist\u00e4t kohdan 5.  esimerkki-poikueen  poikasen tai millaisen jalostuskumppanin voit sille realistisesti hankkia ja mit\u00e4 tavoitteita sinulla on t\u00e4lle seuraavalle sukupolvelle.  T\u00e4m\u00e4 auttaa miettim\u00e4\u00e4n ett\u00e4 jalostusty\u00f6 on pitk\u00e4j\u00e4nnitteist\u00e4, j\u00e4lkel\u00e4ispohdintaa tulee tehd\u00e4 useamman sukupolven osalta<\/li>\n<li>Miten s\u00e4ilyt\u00e4t  marsujesi hyv\u00e4t ominaisuudet ja miten ei-toivotuista p\u00e4\u00e4st\u00e4\u00e4n eroon?<\/li>\n<li>Millaisiin tuloksiin p\u00e4\u00e4set jalostuspopulaatiollasi? Kerro realistisesti millaisen marsun pystyt jalostamaan t\u00e4m\u00e4n hetkisell\u00e4 jalostuspopulaatiolla eli niill\u00e4 marsuilla mit\u00e4 omistat ja mihin tulokseen p\u00e4\u00e4set niill\u00e4 pidemm\u00e4ll\u00e4 t\u00e4ht\u00e4imell\u00e4. Voit kertoa esimerkiksi, ett\u00e4 pystyt parantamaan marsun v\u00e4ri\u00e4 tai pystyt s\u00e4ilytt\u00e4m\u00e4\u00e4n hyv\u00e4n ruumiinmuodon ja hyv\u00e4t korvat, mutta t\u00e4ll\u00e4 jalostuspopulaatiolla et voi saavuttaa parempaa pohjav\u00e4ri\u00e4. On t\u00e4rke\u00e4\u00e4, ett\u00e4 tiedostat mit\u00e4 jalostuspopulaatiollasi voit saavuttaa.<\/li>\n<li>Oletko t\u00f6rm\u00e4nnyt ongelmiin jalostuksessa?<\/li>\n<li>Kerro mit\u00e4 mahdollisia terveysongelmia rodussasi esiintyy ja miten otat ne huomioon kasvatuksessasi. Esim. jos rodullasi esiintyy fatty eyet\u00e4, millaisia jalostusvalintoja teet ja miten suhtaudut t\u00e4h\u00e4n ongelmaan.<\/li>\n<li>Mit\u00e4 muita periytyvi\u00e4 ongelmia rodullasi voi olla ja miten ne periytyv\u00e4t? Jos rodullasi esiintyy esimerkiksi taitteita kerro niist\u00e4 ja niiden periytymisest\u00e4 ja miten t\u00e4m\u00e4 vaikuttaa kasvatukseesi.<\/li>\n<\/ul>\n<p>Saatesanoja: <br \/>Hakemuksessa ei odoteta, ett\u00e4 sinun t\u00e4ytyisi saada kasvatettua t\u00e4ydellinen virheet\u00f6n marsu. Rodut on eritasoisia, niiss\u00e4 on erilaiset haasteet ja onkin t\u00e4rke\u00e4\u00e4, ett\u00e4 tunnistat ongelmat ja sinulla on selv\u00e4 suunta kasvatukselle. Hakemuksestasi tulee n\u00e4hd\u00e4, ett\u00e4 ymm\u00e4rr\u00e4t, mik\u00e4 on poikasten teett\u00e4misen ja jalostuksen ero ja osaat mietti\u00e4 miten jalostat rotua eteenp\u00e4in. On my\u00f6s t\u00e4rke\u00e4\u00e4, ett\u00e4 olet huomioinut rodun mahdolliset terveysongelmat vaikkakaan yleisi\u00e4 selityksi\u00e4 terveist\u00e4 poikasista ei tarvita.<\/p>\n<p>T\u00e4rkeint\u00e4 on ett\u00e4 kirjoitat rehellisesti.  Se ettet saa jalostusel\u00e4imill\u00e4si kasvatettua BIS-1 marsua ei ole ongelma, t\u00e4rke\u00e4\u00e4 on ett\u00e4 ymm\u00e4rr\u00e4t mit\u00e4 voit jalostusel\u00e4imill\u00e4si realistisesti saavuttaa. Jalostussuunnitelmassa voi avoimesti kirjoittaa my\u00f6s ongelmista, se kertoo ett\u00e4 osaat pohtia asiaa eri n\u00e4k\u00f6kulmista. Voi olla, ett\u00e4 kasvattajalla on ongelmia joista ei p\u00e4\u00e4se t\u00e4ysin eroon, taitteet ovat hyv\u00e4 esimerkki, mutta on hyv\u00e4 tiedostaa, miten ja miksi aiot t\u00e4llaisten ongelmien kanssa toimia. Jotkut ongelmat voit ratkaista jalostuksella, toisia voit seurata ja kirjata muistiin. Jos rodussasi esiintyy roan-kuviota tai satiini-karvanlaatua niin pohdi my\u00f6s niit\u00e4. Keskustelen mielell\u00e4ni jalostuksesta ja autan kasvattajaa l\u00f6yt\u00e4m\u00e4\u00e4n oman suuntansa ongelmien kanssa. Saat luultavasti my\u00f6s muutamia kysymyksi\u00e4, jotka auttavat sinua miettim\u00e4\u00e4n jalostussuunnitelmaa. Jalostussuunnitelmaa l\u00e4hett\u00e4ess\u00e4 ei kannata pel\u00e4t\u00e4 onko siin\u00e4 kaikkea tarvittavaa. Jos ei ole, niin kysyn lis\u00e4kysymyksi\u00e4, yll\u00e4 olevan listan pit\u00e4isi helpottaa kirjoittamista. Jos kysymyksiin vastaaminen tuntuu haastavalta, kysy apua muilta kasvattajilta. On hyv\u00e4 oppia keskustelemaan jalostuksesta kokeneempien kanssa, voit v\u00e4ltty\u00e4 muiden tekemist\u00e4 virheist\u00e4. My\u00f6s minun kanssa voi jutella asioista.<\/p>\n<p>Jalostussuunnitelmaan saat yleens\u00e4 vastauksen muutaman viikon kuluessa. Luen yleens\u00e4 hakemuksen ensin kerran, sitten j\u00e4t\u00e4n asiat hetkeksi hautumaan, luen uudestaan ja vastailen hakemukseen. Kirjoittaja on yleens\u00e4 n\u00e4hnyt vaivaa suunnitelman tekoon ja haluan my\u00f6s n\u00e4hd\u00e4 vaivaa suunnitelmaan vastatessa, siksi haluan tehd\u00e4 sen sitten kun minulla on aikaa enk\u00e4 vain hutiloiden nopeaa kiireen keskell\u00e4. \u00c4l\u00e4 siis odota vastausta seuraavana p\u00e4iv\u00e4n\u00e4.<\/p>\n<p>Terveisin: <br \/>Kasvattajanimik\u00e4sittelij\u00e4 <\/p>\n","protected":false},"excerpt":{"rendered":"<p>Millainen on hyv\u00e4 jalostussuunnitelma kasvattajanimihakemukseen? Alhaalla on ote marsuyhdistyksen kasvattajanimis\u00e4\u00e4nn\u00f6ist\u00e4: \u201dKasvattajanimianomuksen liitteeksi on teht\u00e4v\u00e4 selke\u00e4 ja kattava jalostussuunnitelma, josta tulee selvit\u00e4 kasvatuksen tavoitteet ja kasvatusperiaatteet. P\u00e4\u00e4paino on jalostuksellisissa asioissa (perusasiat on toki hyv\u00e4 mainita, mutta sen suurempia selityksi\u00e4 esim. terveist\u00e4 &hellip; <a href=\"https:\/\/marsuyhdistys.net\/home\/ohjeita-jalostussuunnitelmaan\/\">Lue loppuun <span class=\"meta-nav\">&rarr;<\/span><\/a><\/p>\n","protected":false},"author":19,"featured_media":0,"parent":0,"menu_order":0,"comment_status":"closed","ping_status":"closed","template":"","meta":{"footnotes":"","_links_to":"","_links_to_target":""},"class_list":["post-7810","page","type-page","status-publish","hentry"],"_links":{"self":[{"href":"https:\/\/marsuyhdistys.net\/home\/wp-json\/wp\/v2\/pages\/7810","targetHints":{"allow":["GET"]}}],"collection":[{"href":"https:\/\/marsuyhdistys.net\/home\/wp-json\/wp\/v2\/pages"}],"about":[{"href":"https:\/\/marsuyhdistys.net\/home\/wp-json\/wp\/v2\/types\/page"}],"author":[{"embeddable":true,"href":"https:\/\/marsuyhdistys.net\/home\/wp-json\/wp\/v2\/users\/19"}],"replies":[{"embeddable":true,"href":"https:\/\/marsuyhdistys.net\/home\/wp-json\/wp\/v2\/comments?post=7810"}],"version-history":[{"count":2,"href":"https:\/\/marsuyhdistys.net\/home\/wp-json\/wp\/v2\/pages\/7810\/revisions"}],"predecessor-version":[{"id":7816,"href":"https:\/\/marsuyhdistys.net\/home\/wp-json\/wp\/v2\/pages\/7810\/revisions\/7816"}],"wp:attachment":[{"href":"https:\/\/marsuyhdistys.net\/home\/wp-json\/wp\/v2\/media?parent=7810"}],"curies":[{"name":"wp","href":"https:\/\/api.w.org\/{rel}","templated":true}]}}