{"id":9065,"date":"2022-01-22T17:23:09","date_gmt":"2022-01-22T15:23:09","guid":{"rendered":"https:\/\/marsuyhdistys.net\/home\/?page_id=9065"},"modified":"2022-01-22T17:27:59","modified_gmt":"2022-01-22T15:27:59","slug":"toimihenkiloiden-esittelyt","status":"publish","type":"page","link":"https:\/\/marsuyhdistys.net\/home\/yhdistys\/toimihenkiloiden-esittelyt\/","title":{"rendered":"Toimihenkil\u00f6iden esittelyt"},"content":{"rendered":"<p> J\u00e4senkokous valitsee puheenjohtajan ja hallituksen vuosittain. Hallitus j\u00e4rjest\u00e4ytyy muutoin itse. Suurin osa eri toimijoista valitaan my\u00f6s j\u00e4senkokouksessa, mutta osaan toimista p\u00e4\u00e4see halutessaan kesken vuotta mukaan, esimerkiksi lemmikkitoimikuntaan! Jokainen erilaisista toimista kiinnostunut voi asettua ehdolle syyskokouksessa! <\/p>\n<p>Mik\u00e4li olet kiinnostunut l\u00e4htem\u00e4\u00e4n mukaan ja haluaisit viel\u00e4 lis\u00e4tietoa toimista, ota yhteytt\u00e4 SMY:n hallitukseen:&nbsp;<a rel=\"noreferrer noopener\" href=\"mailto:smy.hallitus@gmail.com\" target=\"_blank\">smy.hallitus@gmail.com<\/a>. Otamme innolla vastaan uudet tulokkaat ja vastaamme kysymyksiin mielell\u00e4mme!&nbsp;<\/p>\n<p><strong>PUHEENJOHTAJA<\/strong><\/p>\n<p>&#8211; Johtaa ja valvoo tehtyjen p\u00e4\u00e4t\u00f6sten toteutumista&nbsp;<\/p>\n<p>&#8211; Huolehtii ty\u00f6njaosta ja tukee yhdistyksen toimihenkil\u00f6iden ty\u00f6t\u00e4&nbsp;<\/p>\n<p>&#8211; Luo aktiivista ja innostunutta henke\u00e4 koko yhdistykseen&nbsp;<\/p>\n<p>&#8211; Rohkaisee ja kannustaa osallistumaan&nbsp;<\/p>\n<p>&#8211; Johtaa yhdistyksen ja hallituksen toimintaa&nbsp;<\/p>\n<p>&#8211; Yhdistyksen taloudellisten p\u00e4\u00e4t\u00f6sten hoitaminen ja talouden seuraaminen&nbsp;<\/p>\n<p>&#8211; Vastaa toiminnan kehitt\u00e4misest\u00e4&nbsp;<\/p>\n<p>&#8211; Johtaa hallituksen ty\u00f6skentely\u00e4, huolehtien sen ilmapiirist\u00e4&nbsp;&nbsp;<\/p>\n<p>&#8211; Koostaa esityslistat hallituksen kokouksiin&nbsp;<\/p>\n<p>&#8211; Kutsuu hallituksen kokoukset koolle&nbsp;<\/p>\n<p>&#8211; Johtaa puhetta hallituksen ja yhdistyksen kokouksissa&nbsp;<\/p>\n<p>&#8211; Vastaa siit\u00e4, ett\u00e4 p\u00f6yt\u00e4kirjat laaditaan ja allekirjoittaa yhdistyksen asiakirjat&nbsp;<\/p>\n<p>&#8211; Toimii yhdistyksen nimenkirjoittajana&nbsp;<\/p>\n<p>&#8211; Edustaa yhdistyst\u00e4&nbsp;<\/p>\n<p>&#8211; Osaa yhdistyslakia ja hakee tarvittaessa tietoa ongelmatilanteissa&nbsp;<\/p>\n<p>&#8211; Huolehtii, ett\u00e4 kev\u00e4t- ja syyskokouskutsut ilmoitetaan ajoissa Marsu Magazinessa sek\u00e4 &nbsp; sosiaalisessa mediassa&nbsp;<\/p>\n<p><strong>VARAPUHEENJOHTAJA<\/strong><\/p>\n<p>Varapuheenjohtaja hoitaa puheenjohtajan teht\u00e4v\u00e4t t\u00e4m\u00e4n ollessa estynyt&nbsp;<\/p>\n<p><strong>HALLITUKSEN J\u00c4SEN<\/strong>&nbsp;<\/p>\n<p>&#8211; Hallituksen j\u00e4senen teht\u00e4viin kuuluu edustaa osana yhdistyst\u00e4 ja hallitusta<br \/>&#8211; Yhdistystoiminta on yhteist\u00e4 toimintaa. J\u00e4seni\u00e4 kuunnellaan ja hallitus ajaa j\u00e4senen etuja &nbsp; yhteisty\u00f6ss\u00e4<\/p>\n<p>&#8211; Hallituksen j\u00e4sen osallistuu hallituksen kokouksiin<\/p>\n<p>&#8211; Hallituksen j\u00e4senet huolehtivat yhdess\u00e4 p\u00e4\u00e4t\u00f6ksenteosta, yhdistyslain ja s\u00e4\u00e4nt\u00f6jen noudattamisesta&nbsp;<\/p>\n<p>&#8211; Hallituksen j\u00e4sen on lojaalivelvollinen ja toimii kollektiivisesti yhdistyst\u00e4 kohtaan<\/p>\n<p><strong>SIHTEERI<\/strong>&nbsp;<\/p>\n<p>&#8211; On yksi yhdistyksen nimenkirjoittajista<\/p>\n<p>&#8211; L\u00e4hett\u00e4\u00e4 Teams -kutsut hallituksen kokouksiin<\/p>\n<p>&#8211; Tekee vuosittain yhdistyksen toimintakertomuksen<\/p>\n<p>&#8211; Kirjoittaa hallituksen kokouksissa p\u00f6yt\u00e4kirjat<\/p>\n<p>&#8211; Kokoaa vuoden lopussa yhdess\u00e4 puheenjohtajan kanssa tarvittavat dokumentit toiminnantarkastajille<\/p>\n<p><strong>RAHASTONHOITAJA<\/strong>&nbsp;<\/p>\n<p>&#8211; Rahastonhoitaja hoitaa yhdistyksen taloutta ja varainhankintaa tehtyjen p\u00e4\u00e4t\u00f6sten mukaisesti<\/p>\n<p>&#8211; Maksaa ja tekee yhdistyksen laskuja<\/p>\n<p>&#8211; Hyv\u00e4ksyy pienisummaiset laskut (hallitus hyv\u00e4ksyy suuremmat summat)<\/p>\n<p>&#8211; Huolehtii kuittien, tositemateriaalien ja laskujen s\u00e4ilytyksest\u00e4<\/p>\n<p>&#8211; Seuraa j\u00e4senmaksujen kertymist\u00e4<\/p>\n<p>&#8211; Vuonna 2022 rahastonhoitajalle kuuluu my\u00f6s kirjanpidon ja tilinp\u00e4\u00e4t\u00f6ksen tekeminen yhdess\u00e4 puheenjohtajan kanssa<\/p>\n<p>&#8211; Seuraa yhdistyksen taloutta huolellisesti, tekee selvityksen yhdistyksen taloudellisesta tilanteesta s\u00e4\u00e4nn\u00f6llisesti hallitukselle<\/p>\n<p>&#8211; Valmistelee yhdess\u00e4 hallituksen kanssa talousarvioesityksen syyskokoukselle ja huolehtii muista hallituksen h\u00e4nelle antamista teht\u00e4vist\u00e4<\/p>\n<p><strong>J\u00c4SENSIHTEERI<\/strong><\/p>\n<p>&#8211; J\u00e4sensihteeri pit\u00e4\u00e4 yll\u00e4 j\u00e4senluetteloa ja seuraa j\u00e4senm\u00e4\u00e4ri\u00e4 sek\u00e4 vie niist\u00e4 terveiset hallitukselle<\/p>\n<p>&#8211; J\u00e4sensihteeri ideoi sek\u00e4 kehitt\u00e4\u00e4 j\u00e4senhankintaa<\/p>\n<p>&#8211; Tekee rahastonhoitajan kanssa yhteisty\u00f6t\u00e4 j\u00e4senmaksuasioissa<\/p>\n<p>&#8211;&nbsp;Toimittaa lehden painopaikkaan ajantasaisen nimi- ja osoitelistan lehden postitusta varten<\/p>\n<p>&#8211; Postittaa lehti\u00e4 j\u00e4senist\u00f6lle, jotka liittyv\u00e4t kesken vuoden yhdistyksen j\u00e4seniksi<\/p>\n<p>KOTISIVUVASTAAVA<\/p>\n<p>&#8211; Kehitt\u00e4\u00e4 sek\u00e4 uudistaa Suomen Marsuyhdistyksen kotisivuja<\/p>\n<p>&#8211; Kotisivujen (alustan) verisoden p\u00e4ivitt\u00e4minen<\/p>\n<p>&#8211; Tekee yhteisty\u00f6t\u00e4 some-tiimin kanssa sek\u00e4 p\u00e4ivitt\u00e4\u00e4 aktiivisesti kotisivuille sis\u00e4lt\u00f6\u00e4<\/p>\n<p>&#8211; Vastaa kotisivujen sis\u00e4ll\u00f6st\u00e4 sek\u00e4 my\u00f6s ulkoasusta<\/p>\n<p>&#8211; P\u00e4ivitt\u00e4\u00e4 kotisivuja kotisivus\u00e4hk\u00f6postiin saapuneiden tiedostojen avulla<\/p>\n<p>&#8211; Vastaa kotisivujen k\u00e4ytt\u00f6oikeuksista, yll\u00e4pidosta sek\u00e4 oikeellisuudesta<\/p>\n<p><strong>SOME-VASTAAVA JA SOME-TIIMI<\/strong><\/p>\n<p>&#8211; Some-vastaava huolehtii yhdistyksen sosiaalisen median tileist\u00e4 ja toimii some-tiimin vetovastuussa. Some-vastaava on p\u00e4\u00e4vastuussa yhdistyksen sosiaalisen median hallinnasta.<\/p>\n<p>&#8211; Some-tiimi huolehtii yhteisty\u00f6ss\u00e4 kaikesta, mit\u00e4 julkaistaan yhdistyksen sosiaalisissa medioissa, joita ovat Facebook, Instagram ja Tiktok. Huolehdittaviin asioihin kuuluu esimerkiksi yhdistyksen asioista ja tapahtumista tiedottaminen, kuukausittaiset kuvakilpailut sek\u00e4 mainostaminen (tapahtumat, yhteisty\u00f6kumppanit jne.)<\/p>\n<p>-Some-tiimi vastaa SMY:n sosiaalisen median tileille tulleisiin viesteihin ja kommentteihin.<\/p>\n<p><strong>MARSU MAGAZINE<\/strong><\/p>\n<p>P\u00e4\u00e4toimittaja<\/p>\n<p>&#8211; Vastaa lehden sis\u00e4ll\u00f6st\u00e4<\/p>\n<p>&#8211; Kokoaa lehtiryhm\u00e4n lehte\u00e4 tekem\u00e4\u00e4n<\/p>\n<p>&#8211; Huolehtii ett\u00e4 kaikki lehteen tuleva materiaali on kasassa deadlineen menness\u00e4&nbsp;<\/p>\n<p>&#8211; Kirjoittaa Puheenjohtajan tervehdyksen jokaiseen lehteen<\/p>\n<p>&#8211; Kirjoittaa juttuja lehteen<\/p>\n<p>Lehden taittaja&nbsp;<\/p>\n<p>&#8211; Vastaa lehden ulkoasusta<\/p>\n<p>&#8211; Huolehtii, ett\u00e4 mukaan tarkoitettu materiaali tulee lehteen&nbsp;<\/p>\n<p>&#8211; Kokoaa lehteen tulevat jutut lehdeksi taitto &#8211; ohjelmalla<\/p>\n<p>&#8211; L\u00e4hett\u00e4\u00e4 valmiin lehden toimituksen ja hallituksen tarkistettavaksi&nbsp;<\/p>\n<p>&#8211; L\u00e4hett\u00e4\u00e4 valmiin lehden painoon<\/p>\n<p>REKISTER\u00d6IJ\u00c4&nbsp;<\/p>\n<p>&#8211; Hoitaa puhdasrotuisten marsujen rekister\u00f6inti\u00e4 niin s\u00e4hk\u00f6isesti kuin perinteisesti paperillisten sukutaulujen kautta.&nbsp;<\/p>\n<p>&#8211; Rekister\u00f6innit siirret\u00e4\u00e4n aikanaan s\u00e4hk\u00f6iseen rekisteritiedostoon ja sukutietokantaan<\/p>\n<p>&#8211; Rekister\u00f6ij\u00e4 s\u00e4ilytt\u00e4\u00e4 vanhat paperilliset rekisteripaperit siihen saakka, kunnes ne arkistoidaan Smy:n muiden asiakirjojen kanssa varastoon.<\/p>\n<p><strong>LEMMIKKIVASTAAVA JA TOIMIKUNTA<\/strong><\/p>\n<p>&#8211; SMY:n lemmikkivastaava ja lemmikkitoimikunta ajavat lemmikkimarsujen asemaa yhdistyksess\u00e4<\/p>\n<p>&#8211; Lemmikkitoimikunnan isoin osa-alue on n\u00e4yttelyiden lemmikkiluokka sek\u00e4 v\u00e4liaikakisat<\/p>\n<p>&#8211; Lemmikkitoimikunta laskee my\u00f6s Vuoden voittaja-lemmikkipisteet&nbsp;<\/p>\n<p>&#8211; Lemmikkitoimikunta j\u00e4rjest\u00e4\u00e4 esimerkiksi marsup\u00e4ivi\u00e4 ja -esittelyit\u00e4&nbsp;<\/p>\n<p>&#8211; Tekee lehteen lemmikkimarsuista juttuja&nbsp;<\/p>\n<p><strong>SPONSORIVASTAAVA<\/strong><\/p>\n<p>&#8211; Sponsorivastaava koordinoi yhdistyksen ja tapahtumien sponsoreiden hankintaa.<\/p>\n<p>&#8211; Tekee yhteisty\u00f6t\u00e4 sponsoreiden kanssa ja huolehtii mainosten, logojen sek\u00e4 palkintojen koordinoinnista. Sponsorit sovitaan yhdess\u00e4 n\u00e4yttelyvastaavien ja hallituksen kanssa.<\/p>\n<p>&#8211; Yhdistyksen palkintojen (ruusukkeet, pokaalit, mitalit ym.) suunnittelu ja tilaus yhdess\u00e4 n\u00e4yttelyvastaavien kanssa. Kattava n\u00e4kemys yhdistyksen palkintotilanteesta.<\/p>\n<p>&#8211; Seuraa yhdistyksen budjettia palkintokustannusten osalta.<\/p>\n<p>&#8211; Tekee hallitukselle tarvittaessa ehdotuksia palkintojen hankinnoista ja yleisesti kaikista palkintoihin liittyvist\u00e4 asioista.<\/p>\n<p><strong>KOULUTUSVASTAAVA<\/strong><\/p>\n<p>&#8211; Koulutusvastaava vastaa yhdistyksen koulutuksien koordinoinnista ja yhdistyksen j\u00e4senten kouluttamisesta.<\/p>\n<p>&#8211; Suorittaa tiedusteluja j\u00e4senten koulutustarpeesta ja koulutushalukkuudesta.<\/p>\n<p>&#8211; Koulutusvastaava suunnittelee koulutuksia, valmistaa koulutusmateriaalit ja hyv\u00e4ksyy ne yhdess\u00e4 hallituksen ja muiden asiantuntijoiden kanssa sek\u00e4 tiedottaa koulutuksista.&nbsp;<\/p>\n<p><strong>FI MVA-, EL-, MEGAMUOTOVALIO- ja MEL \u2013HAKEMUSTEN K\u00c4SITTELIJ\u00c4<\/strong><\/p>\n<p>&#8211; Ottaa vastaan hakemukset<\/p>\n<p>&#8211; Tarkistaa sertifkaattien\/eliitti lemmikki \u2013sijoitusten ja n\u00e4yttelyiden p\u00e4iv\u00e4m\u00e4\u00e4rien paikkansa pit\u00e4vyyden.<\/p>\n<p>&#8211; Leimaa tittelileimasimella sukutaulut, allekirjoittaa ja tulostaa plakaatin hakemuksen mukaan ja postittaa takaisin hakijalle<\/p>\n<p>&#8211; Pit\u00e4\u00e4 kirjaa muotovalioiden sek\u00e4 muiden titteleiden ansainneista<\/p>\n<p>&#8211; Postittaa ruusukkeita<\/p>\n<p>&#8211; Ilmoittaa vuoden lopussa kaikki tittelin ansainneet hallituksen sihteerille<\/p>\n<p>&#8211; Ilmoittaa tarvittaessa vuoden lopussa Ruotsin marsuyhdistykselle Suomessa tittelin saaneet ruotsalaiset marsut<\/p>\n<p>&#8211; Avustaa tarvittaessa hakemusten tekemisess\u00e4<\/p>\n<p>Virtuaalivaliot ja tittelit<\/p>\n<p>&#8211; Ottaa vastaan s\u00e4hk\u00f6postin kautta hakemukset<\/p>\n<p>&#8211; Tarkistaa hakemuksen tiedot sek\u00e4 virtuaali -sertifikaattien ja PVL \u2013sijoitusten paikkansa pit\u00e4vyyden<\/p>\n<p>&#8211; Tekee plakaatin marsun tiedoilla, joka l\u00e4hetet\u00e4\u00e4n yhdess\u00e4 onnitteluiden kera hakijalle s\u00e4hk\u00f6postitse<\/p>\n<p>&#8211; Postittaa ruusukkeita<\/p>\n<p>&#8211; Pit\u00e4\u00e4 kirjaa my\u00f6nnetyist\u00e4 virtuaalivalioista sek\u00e4 muista titteleiden ansainneista<\/p>\n<p>&#8211; Ilmoittaa my\u00f6nnetyt tittelit kotisivuvastaaville<\/p>\n<p>&#8211; Ilmoittaa kaikki tittelin saaneet hallituksen sihteerille vuoden lopussa<\/p>\n<p>&#8211; Avustaa tarvittaessa hakemusten tekemisess\u00e4<\/p>\n<p><strong>VUODEN VOITTAJA -PISTEET<\/strong><\/p>\n<p>&#8211; Laskee n\u00e4yttelytulosten perusteella jokaisen marsun ansaitsemat pisteet yhden kalenterivuoden aikana. Pisteet lasketaan erikseen ulkomuoto- ja lemmikkiluokista.&nbsp;<\/p>\n<p>&#8211; VV-pisteiden laskija toimittaa pistelaskun tulokset hallitukselle ja kotisivuvastaavalle<\/p>\n<p><strong>KASVATTAJANIMIK\u00c4SITTELIJ\u00c4<\/strong><\/p>\n<p>&#8211; Kasvattajanimik\u00e4sittelij\u00e4 toimii kasvattajanime\u00e4 hakevien henkil\u00f6iden tukena koko prosessin ajan<\/p>\n<p>&#8211; Opastaa kasvattajanime\u00e4 hakevia henkil\u00f6it\u00e4 kasvatukseen liittyviss\u00e4 asioissa&nbsp;<\/p>\n<p>&#8211; K\u00e4sittelee kasvattajanimihakemuksen kirjallisen osan ja esitt\u00e4\u00e4 tarvittaessa lis\u00e4kysymyksi\u00e4 sek\u00e4 vahvistaa muiden osioiden oikeellisuuden<\/p>\n<p>&#8211; Tiedottaa hallitusta kasvattaja-asioissa (esim. uusien kasvattajien hyv\u00e4ksynt\u00e4 ja vanhojen&nbsp; &nbsp; kasvattajien nimien yll\u00e4pito)<\/p>\n<p>&#8211; Tiedottaa kasvattajia tarvittavissa asioissa sek\u00e4 varmistaa kasvattajanimiehtojen t\u00e4yttymisen vuosittain<\/p>\n<p>&#8211; Yll\u00e4pit\u00e4\u00e4 kasvattajalistaa<\/p><\/p>\n","protected":false},"excerpt":{"rendered":"<p>J\u00e4senkokous valitsee puheenjohtajan ja hallituksen vuosittain. Hallitus j\u00e4rjest\u00e4ytyy muutoin itse. Suurin osa eri toimijoista valitaan my\u00f6s j\u00e4senkokouksessa, mutta osaan toimista p\u00e4\u00e4see halutessaan kesken vuotta mukaan, esimerkiksi lemmikkitoimikuntaan! Jokainen erilaisista toimista kiinnostunut voi asettua ehdolle syyskokouksessa! Mik\u00e4li olet kiinnostunut l\u00e4htem\u00e4\u00e4n mukaan &hellip; <a href=\"https:\/\/marsuyhdistys.net\/home\/yhdistys\/toimihenkiloiden-esittelyt\/\">Lue loppuun <span class=\"meta-nav\">&rarr;<\/span><\/a><\/p>\n","protected":false},"author":19,"featured_media":0,"parent":9,"menu_order":3,"comment_status":"closed","ping_status":"closed","template":"","meta":{"footnotes":"","_links_to":"","_links_to_target":""},"class_list":["post-9065","page","type-page","status-publish","hentry"],"_links":{"self":[{"href":"https:\/\/marsuyhdistys.net\/home\/wp-json\/wp\/v2\/pages\/9065","targetHints":{"allow":["GET"]}}],"collection":[{"href":"https:\/\/marsuyhdistys.net\/home\/wp-json\/wp\/v2\/pages"}],"about":[{"href":"https:\/\/marsuyhdistys.net\/home\/wp-json\/wp\/v2\/types\/page"}],"author":[{"embeddable":true,"href":"https:\/\/marsuyhdistys.net\/home\/wp-json\/wp\/v2\/users\/19"}],"replies":[{"embeddable":true,"href":"https:\/\/marsuyhdistys.net\/home\/wp-json\/wp\/v2\/comments?post=9065"}],"version-history":[{"count":2,"href":"https:\/\/marsuyhdistys.net\/home\/wp-json\/wp\/v2\/pages\/9065\/revisions"}],"predecessor-version":[{"id":9067,"href":"https:\/\/marsuyhdistys.net\/home\/wp-json\/wp\/v2\/pages\/9065\/revisions\/9067"}],"up":[{"embeddable":true,"href":"https:\/\/marsuyhdistys.net\/home\/wp-json\/wp\/v2\/pages\/9"}],"wp:attachment":[{"href":"https:\/\/marsuyhdistys.net\/home\/wp-json\/wp\/v2\/media?parent=9065"}],"curies":[{"name":"wp","href":"https:\/\/api.w.org\/{rel}","templated":true}]}}