{"id":95,"date":"2012-08-12T23:40:21","date_gmt":"2012-08-12T21:40:21","guid":{"rendered":"http:\/\/marsuyhdistys.net\/home\/?page_id=95"},"modified":"2021-03-23T08:48:01","modified_gmt":"2021-03-23T06:48:01","slug":"sileakarvaiset-self-rodut","status":"publish","type":"page","link":"https:\/\/marsuyhdistys.net\/home\/kaikki-marsusta\/rodut\/sileakarvaiset-self-rodut\/","title":{"rendered":"Yksiv\u00e4riset"},"content":{"rendered":"<\/p>\n<p><strong>Pink eyed white<\/strong><br \/>V\u00e4ri on lumenvalkoinen. Korvat ja tassunpohjat ovat vaaleanpunaiset. Silm\u00e4t ovat punaiset. Kynnet ovat v\u00e4ritt\u00f6m\u00e4t.<\/p>\n<div class=\"wp-block-image\">\n<figure class=\"aligncenter is-resized\"><img loading=\"lazy\" decoding=\"async\" src=\"http:\/\/marsuyhdistys.net\/home\/wp-content\/uploads\/2021\/03\/PEW-valmis-1024x541.jpg\" alt=\"\" class=\"wp-image-7703\" width=\"493\" height=\"260\" srcset=\"https:\/\/marsuyhdistys.net\/home\/wp-content\/uploads\/2021\/03\/PEW-valmis-1024x541.jpg 1024w, https:\/\/marsuyhdistys.net\/home\/wp-content\/uploads\/2021\/03\/PEW-valmis-300x158.jpg 300w, https:\/\/marsuyhdistys.net\/home\/wp-content\/uploads\/2021\/03\/PEW-valmis-768x406.jpg 768w\" sizes=\"auto, (max-width: 493px) 100vw, 493px\" \/><\/figure>\n<\/div>\n<p><strong>Dark eyed white<\/strong><br \/>V\u00e4ri on lumenvalkoinen. Korvat ja tassunpohjat ovat vaaleanpunaiset. Silm\u00e4t ovat rubiinit tai tummat. Kynnet ovat v\u00e4ritt\u00f6m\u00e4t.<\/p>\n<div class=\"wp-block-image\">\n<figure class=\"aligncenter is-resized\"><img loading=\"lazy\" decoding=\"async\" src=\"http:\/\/marsuyhdistys.net\/home\/wp-content\/uploads\/2021\/03\/DE-white-korjattu2-valmis-1024x590.jpg\" alt=\"\" class=\"wp-image-7701\" width=\"506\" height=\"291\" srcset=\"https:\/\/marsuyhdistys.net\/home\/wp-content\/uploads\/2021\/03\/DE-white-korjattu2-valmis-1024x590.jpg 1024w, https:\/\/marsuyhdistys.net\/home\/wp-content\/uploads\/2021\/03\/DE-white-korjattu2-valmis-300x173.jpg 300w, https:\/\/marsuyhdistys.net\/home\/wp-content\/uploads\/2021\/03\/DE-white-korjattu2-valmis-768x443.jpg 768w\" sizes=\"auto, (max-width: 506px) 100vw, 506px\" \/><\/figure>\n<\/div>\n<p><strong>Cream<\/strong><br \/>V\u00e4ri on kerman v\u00e4rinen. Korvat ja tassunpohjat ovat vaaleanpunaiset tai creamit. Silm\u00e4t ovat rubiinit tai tummat. Kynnet ovat vaaleat tai creamit.<\/p>\n<div class=\"wp-block-image\">\n<figure class=\"aligncenter is-resized\"><img loading=\"lazy\" decoding=\"async\" src=\"http:\/\/marsuyhdistys.net\/home\/wp-content\/uploads\/2021\/03\/CREAM-valmis-1024x551.jpg\" alt=\"\" class=\"wp-image-7702\" width=\"517\" height=\"278\" srcset=\"https:\/\/marsuyhdistys.net\/home\/wp-content\/uploads\/2021\/03\/CREAM-valmis-1024x551.jpg 1024w, https:\/\/marsuyhdistys.net\/home\/wp-content\/uploads\/2021\/03\/CREAM-valmis-300x162.jpg 300w, https:\/\/marsuyhdistys.net\/home\/wp-content\/uploads\/2021\/03\/CREAM-valmis-768x414.jpg 768w\" sizes=\"auto, (max-width: 517px) 100vw, 517px\" \/><\/figure>\n<\/div>\n<p><strong>Lemon<\/strong><br \/>V\u00e4ri on kerman v\u00e4rinen sitruunaisella s\u00e4vyll\u00e4. Korvat ja tassunpohjat ovat vaaleanpunaiset tai lemonit. Silm\u00e4t ovat punaiset. Kynnet ovat vaaleat tai lemonit.<\/p>\n<div class=\"wp-block-image\">\n<figure class=\"aligncenter is-resized\"><img loading=\"lazy\" decoding=\"async\" src=\"http:\/\/marsuyhdistys.net\/home\/wp-content\/uploads\/2021\/03\/lemon-valmis-1024x559.jpg\" alt=\"\" class=\"wp-image-7704\" width=\"511\" height=\"278\" srcset=\"https:\/\/marsuyhdistys.net\/home\/wp-content\/uploads\/2021\/03\/lemon-valmis-1024x559.jpg 1024w, https:\/\/marsuyhdistys.net\/home\/wp-content\/uploads\/2021\/03\/lemon-valmis-300x164.jpg 300w, https:\/\/marsuyhdistys.net\/home\/wp-content\/uploads\/2021\/03\/lemon-valmis-768x419.jpg 768w\" sizes=\"auto, (max-width: 511px) 100vw, 511px\" \/><\/figure>\n<\/div>\n<p><strong>Buff<\/strong><br \/>V\u00e4ri on keskihiekka. Korvat ja tassunpohjat ovat vaaleanpunaiset tai buffit. Silm\u00e4t ovat tummat tai rubiinit. Kynnet ovat vaaleat tai buffit.<\/p>\n<div class=\"wp-block-image\">\n<figure class=\"aligncenter is-resized\"><img loading=\"lazy\" decoding=\"async\" src=\"http:\/\/marsuyhdistys.net\/home\/wp-content\/uploads\/2021\/03\/buff-valmis-1024x533.jpg\" alt=\"\" class=\"wp-image-7705\" width=\"515\" height=\"267\" srcset=\"https:\/\/marsuyhdistys.net\/home\/wp-content\/uploads\/2021\/03\/buff-valmis-1024x533.jpg 1024w, https:\/\/marsuyhdistys.net\/home\/wp-content\/uploads\/2021\/03\/buff-valmis-300x156.jpg 300w, https:\/\/marsuyhdistys.net\/home\/wp-content\/uploads\/2021\/03\/buff-valmis-768x400.jpg 768w\" sizes=\"auto, (max-width: 515px) 100vw, 515px\" \/><\/figure>\n<\/div>\n<p><strong>Saffron<\/strong><br \/>V\u00e4ri on sahraminkeltainen. Korvat ja tassunpohjat ovat vaaleanpunaiset tai saffronit. Silm\u00e4t ovat punaiset. Kynnet ovat vaaleat tai saffronit.<\/p>\n<div class=\"wp-block-image\">\n<figure class=\"aligncenter is-resized\"><img loading=\"lazy\" decoding=\"async\" src=\"http:\/\/marsuyhdistys.net\/home\/wp-content\/uploads\/2021\/03\/saffron-valmis-1024x538.jpg\" alt=\"\" class=\"wp-image-7707\" width=\"506\" height=\"265\" srcset=\"https:\/\/marsuyhdistys.net\/home\/wp-content\/uploads\/2021\/03\/saffron-valmis-1024x538.jpg 1024w, https:\/\/marsuyhdistys.net\/home\/wp-content\/uploads\/2021\/03\/saffron-valmis-300x158.jpg 300w, https:\/\/marsuyhdistys.net\/home\/wp-content\/uploads\/2021\/03\/saffron-valmis-768x403.jpg 768w\" sizes=\"auto, (max-width: 506px) 100vw, 506px\" \/><\/figure>\n<\/div>\n<p><strong>Pink eyed golden<\/strong><br \/>V\u00e4ri on syv\u00e4n punaruskea. Korvat ja tassunpohjat ovat vaaleanpunaiset tai goldenit. Silm\u00e4t ovat punaiset. Kynnet ovat vaaleat tai goldenit.<\/p>\n<div class=\"wp-block-image\">\n<figure class=\"aligncenter is-resized\"><img loading=\"lazy\" decoding=\"async\" src=\"http:\/\/marsuyhdistys.net\/home\/wp-content\/uploads\/2021\/03\/peg-valmis-1024x617.jpg\" alt=\"\" class=\"wp-image-7710\" width=\"514\" height=\"309\" srcset=\"https:\/\/marsuyhdistys.net\/home\/wp-content\/uploads\/2021\/03\/peg-valmis-1024x617.jpg 1024w, https:\/\/marsuyhdistys.net\/home\/wp-content\/uploads\/2021\/03\/peg-valmis-300x181.jpg 300w, https:\/\/marsuyhdistys.net\/home\/wp-content\/uploads\/2021\/03\/peg-valmis-768x463.jpg 768w\" sizes=\"auto, (max-width: 514px) 100vw, 514px\" \/><\/figure>\n<\/div>\n<p><strong>Dark eyed golden<\/strong><br \/>V\u00e4ri on syv\u00e4n punaruskea. Korvat ja tassunpohjat ovat vaaleanpunaiset tai goldenit. Silm\u00e4t ovat tummat tai mustat. Kynnet ovat vaaleat tai goldenit.<\/p>\n<div class=\"wp-block-image\">\n<figure class=\"aligncenter is-resized\"><img loading=\"lazy\" decoding=\"async\" src=\"http:\/\/marsuyhdistys.net\/home\/wp-content\/uploads\/2021\/03\/de-golden-valmis-1-1024x547.jpg\" alt=\"\" class=\"wp-image-7709\" width=\"511\" height=\"272\" srcset=\"https:\/\/marsuyhdistys.net\/home\/wp-content\/uploads\/2021\/03\/de-golden-valmis-1-1024x547.jpg 1024w, https:\/\/marsuyhdistys.net\/home\/wp-content\/uploads\/2021\/03\/de-golden-valmis-1-300x160.jpg 300w, https:\/\/marsuyhdistys.net\/home\/wp-content\/uploads\/2021\/03\/de-golden-valmis-1-768x411.jpg 768w\" sizes=\"auto, (max-width: 511px) 100vw, 511px\" \/><\/figure>\n<\/div>\n<p><strong>Red<\/strong><br \/>V\u00e4ri on syv\u00e4n mahongin punainen. Korvat ja tassunpohjat ovat tummat tai redit. Silm\u00e4t ovat tummat tai mustat. Kynnet ovat tummat tai redit.<\/p>\n<div class=\"wp-block-image\">\n<figure class=\"aligncenter is-resized\"><img loading=\"lazy\" decoding=\"async\" src=\"http:\/\/marsuyhdistys.net\/home\/wp-content\/uploads\/2021\/03\/red-valmis-1024x537.jpg\" alt=\"\" class=\"wp-image-7708\" width=\"522\" height=\"273\" srcset=\"https:\/\/marsuyhdistys.net\/home\/wp-content\/uploads\/2021\/03\/red-valmis-1024x537.jpg 1024w, https:\/\/marsuyhdistys.net\/home\/wp-content\/uploads\/2021\/03\/red-valmis-300x157.jpg 300w, https:\/\/marsuyhdistys.net\/home\/wp-content\/uploads\/2021\/03\/red-valmis-768x403.jpg 768w\" sizes=\"auto, (max-width: 522px) 100vw, 522px\" \/><\/figure>\n<\/div>\n<p><strong>Beige<\/strong><br \/>V\u00e4ri on l\u00e4mmin vaalea beige. Korvat ja tassunpohjat ovat vaaleanpunaiset tai beiget. Silm\u00e4t ovat punaiset. Kynnet ovat vaaleat tai beiget.<\/p>\n<div class=\"wp-block-image\">\n<figure class=\"aligncenter is-resized\"><img loading=\"lazy\" decoding=\"async\" src=\"http:\/\/marsuyhdistys.net\/home\/wp-content\/uploads\/2021\/03\/beige-valmis-1024x616.jpg\" alt=\"\" class=\"wp-image-7711\" width=\"528\" height=\"317\" srcset=\"https:\/\/marsuyhdistys.net\/home\/wp-content\/uploads\/2021\/03\/beige-valmis-1024x616.jpg 1024w, https:\/\/marsuyhdistys.net\/home\/wp-content\/uploads\/2021\/03\/beige-valmis-300x180.jpg 300w, https:\/\/marsuyhdistys.net\/home\/wp-content\/uploads\/2021\/03\/beige-valmis-768x462.jpg 768w\" sizes=\"auto, (max-width: 528px) 100vw, 528px\" \/><\/figure>\n<\/div>\n<p><strong>Lilac<\/strong><br \/>V\u00e4ri on kylm\u00e4 vaaleanharmaa. Korvat ja tassunpohjat ovat vaaleanpunaiset tai lilacit. Silm\u00e4t ovat punaiset. Kynnet ovat vaaleat tai lilacit.<\/p>\n<p><strong>Grey<\/strong><br \/>V\u00e4ri on kylm\u00e4 tummanharmaa. Korvat ja tassunpohjat ovat greyt. Silm\u00e4t ovat rubiinit. Kynnet ovat greyt.<\/p>\n<div class=\"wp-block-image\">\n<figure class=\"aligncenter is-resized\"><img loading=\"lazy\" decoding=\"async\" src=\"http:\/\/marsuyhdistys.net\/home\/wp-content\/uploads\/2021\/03\/grey-2-valmis-1024x652.jpg\" alt=\"\" class=\"wp-image-7712\" width=\"500\" height=\"318\" srcset=\"https:\/\/marsuyhdistys.net\/home\/wp-content\/uploads\/2021\/03\/grey-2-valmis-1024x652.jpg 1024w, https:\/\/marsuyhdistys.net\/home\/wp-content\/uploads\/2021\/03\/grey-2-valmis-300x191.jpg 300w, https:\/\/marsuyhdistys.net\/home\/wp-content\/uploads\/2021\/03\/grey-2-valmis-768x489.jpg 768w\" sizes=\"auto, (max-width: 500px) 100vw, 500px\" \/><\/figure>\n<\/div>\n<p><strong>Chocolate<\/strong><br \/>V\u00e4ri on tumma, l\u00e4mmin suklaa. Korvat ja tassunpohjat ovat chocolatet. Silm\u00e4t ovat tummat rubiinilla vivahteella. Kynnet ovat chocolatet.<\/p>\n<div class=\"wp-block-image\">\n<figure class=\"aligncenter is-resized\"><img loading=\"lazy\" decoding=\"async\" src=\"http:\/\/marsuyhdistys.net\/home\/wp-content\/uploads\/2021\/03\/suklaa-valmis.jpg\" alt=\"\" class=\"wp-image-7713\" width=\"494\" height=\"267\" srcset=\"https:\/\/marsuyhdistys.net\/home\/wp-content\/uploads\/2021\/03\/suklaa-valmis.jpg 450w, https:\/\/marsuyhdistys.net\/home\/wp-content\/uploads\/2021\/03\/suklaa-valmis-300x163.jpg 300w\" sizes=\"auto, (max-width: 494px) 100vw, 494px\" \/><\/figure>\n<\/div>\n<p><strong>Black<\/strong><br \/>V\u00e4ri on syv\u00e4n musta. Korvat ja tassunpohjat ovat mustat. Silm\u00e4t ovat mustat. Kynnet ovat mustat.<\/p>\n<div class=\"wp-block-image\">\n<figure class=\"aligncenter is-resized\"><img loading=\"lazy\" decoding=\"async\" src=\"http:\/\/marsuyhdistys.net\/home\/wp-content\/uploads\/2021\/03\/self-black-valmis-1024x683.jpg\" alt=\"\" class=\"wp-image-7714\" width=\"465\" height=\"309\" srcset=\"https:\/\/marsuyhdistys.net\/home\/wp-content\/uploads\/2021\/03\/self-black-valmis-1024x683.jpg 1024w, https:\/\/marsuyhdistys.net\/home\/wp-content\/uploads\/2021\/03\/self-black-valmis-300x200.jpg 300w, https:\/\/marsuyhdistys.net\/home\/wp-content\/uploads\/2021\/03\/self-black-valmis-768x512.jpg 768w, https:\/\/marsuyhdistys.net\/home\/wp-content\/uploads\/2021\/03\/self-black-valmis.jpg 2048w\" sizes=\"auto, (max-width: 465px) 100vw, 465px\" \/><\/figure>\n<\/div>\n<p><\/p>\n","protected":false},"excerpt":{"rendered":"<p>Pink eyed whiteV\u00e4ri on lumenvalkoinen. Korvat ja tassunpohjat ovat vaaleanpunaiset. Silm\u00e4t ovat punaiset. Kynnet ovat v\u00e4ritt\u00f6m\u00e4t. Dark eyed whiteV\u00e4ri on lumenvalkoinen. Korvat ja tassunpohjat ovat vaaleanpunaiset. Silm\u00e4t ovat rubiinit tai tummat. Kynnet ovat v\u00e4ritt\u00f6m\u00e4t. CreamV\u00e4ri on kerman v\u00e4rinen. Korvat ja &hellip; <a href=\"https:\/\/marsuyhdistys.net\/home\/kaikki-marsusta\/rodut\/sileakarvaiset-self-rodut\/\">Lue loppuun <span class=\"meta-nav\">&rarr;<\/span><\/a><\/p>\n","protected":false},"author":10,"featured_media":0,"parent":162,"menu_order":20,"comment_status":"closed","ping_status":"closed","template":"","meta":{"footnotes":"","_links_to":"","_links_to_target":""},"class_list":["post-95","page","type-page","status-publish","hentry"],"_links":{"self":[{"href":"https:\/\/marsuyhdistys.net\/home\/wp-json\/wp\/v2\/pages\/95","targetHints":{"allow":["GET"]}}],"collection":[{"href":"https:\/\/marsuyhdistys.net\/home\/wp-json\/wp\/v2\/pages"}],"about":[{"href":"https:\/\/marsuyhdistys.net\/home\/wp-json\/wp\/v2\/types\/page"}],"author":[{"embeddable":true,"href":"https:\/\/marsuyhdistys.net\/home\/wp-json\/wp\/v2\/users\/10"}],"replies":[{"embeddable":true,"href":"https:\/\/marsuyhdistys.net\/home\/wp-json\/wp\/v2\/comments?post=95"}],"version-history":[{"count":25,"href":"https:\/\/marsuyhdistys.net\/home\/wp-json\/wp\/v2\/pages\/95\/revisions"}],"predecessor-version":[{"id":7717,"href":"https:\/\/marsuyhdistys.net\/home\/wp-json\/wp\/v2\/pages\/95\/revisions\/7717"}],"up":[{"embeddable":true,"href":"https:\/\/marsuyhdistys.net\/home\/wp-json\/wp\/v2\/pages\/162"}],"wp:attachment":[{"href":"https:\/\/marsuyhdistys.net\/home\/wp-json\/wp\/v2\/media?parent=95"}],"curies":[{"name":"wp","href":"https:\/\/api.w.org\/{rel}","templated":true}]}}